CRAN Package Check Results for Package dga

Last updated on 2021-01-19 06:50:59 CET.

Flavor Version Tinstall Tcheck Ttotal Status Flags
r-devel-linux-x86_64-debian-clang 1.2 2.77 33.74 36.51 NOTE
r-devel-linux-x86_64-debian-gcc 1.2 2.09 26.13 28.22 NOTE
r-devel-linux-x86_64-fedora-clang 1.2 51.71 NOTE
r-devel-linux-x86_64-fedora-gcc 1.2 44.00 NOTE
r-devel-windows-ix86+x86_64 1.2 5.00 44.00 49.00 NOTE
r-patched-linux-x86_64 1.2 2.95 31.89 34.84 NOTE
r-patched-solaris-x86 1.2 61.00 NOTE
r-release-linux-x86_64 1.2 2.33 32.63 34.96 NOTE
r-release-macos-x86_64 1.2 NOTE
r-release-windows-ix86+x86_64 1.2 5.00 43.00 48.00 NOTE
r-oldrel-macos-x86_64 1.2 NOTE
r-oldrel-windows-ix86+x86_64 1.2 4.00 37.00 41.00 NOTE

Check Details

Version: 1.2
Check: R code for possible problems
Result: NOTE
    makeAdjMatrix: no visible global function definition for 'combn'
    plotPosteriorN: no visible global function definition for 'title'
    plotPosteriorN: no visible global function definition for 'lines'
    plotPosteriorN: no visible global function definition for 'legend'
    venn3: no visible global function definition for 'runif'
    venn3: no visible global function definition for 'points'
    venn3: no visible global function definition for 'lines'
    venn3: no visible global function definition for 'text'
    venn4: no visible global function definition for 'lines'
    venn4: no visible global function definition for 'runif'
    venn4: no visible global function definition for 'points'
    Undefined global functions or variables:
     combn legend lines points runif text title
    Consider adding
     importFrom("graphics", "legend", "lines", "points", "text", "title")
     importFrom("stats", "runif")
     importFrom("utils", "combn")
    to your NAMESPACE file.
Flavors: r-devel-linux-x86_64-debian-clang, r-devel-linux-x86_64-debian-gcc, r-devel-linux-x86_64-fedora-clang, r-devel-linux-x86_64-fedora-gcc, r-devel-windows-ix86+x86_64, r-patched-linux-x86_64, r-patched-solaris-x86, r-release-linux-x86_64, r-release-macos-x86_64, r-release-windows-ix86+x86_64

Version: 1.2
Check: R code for possible problems
Result: NOTE
    makeAdjMatrix: no visible global function definition for ‘combn’
    plotPosteriorN: no visible global function definition for ‘plot’
    plotPosteriorN: no visible global function definition for ‘title’
    plotPosteriorN: no visible global function definition for ‘lines’
    plotPosteriorN: no visible global function definition for ‘legend’
    venn3: no visible global function definition for ‘plot’
    venn3: no visible global function definition for ‘runif’
    venn3: no visible global function definition for ‘points’
    venn3: no visible global function definition for ‘lines’
    venn3: no visible global function definition for ‘text’
    venn4: no visible global function definition for ‘plot’
    venn4: no visible global function definition for ‘lines’
    venn4: no visible global function definition for ‘runif’
    venn4: no visible global function definition for ‘points’
    Undefined global functions or variables:
     combn legend lines plot points runif text title
    Consider adding
     importFrom("graphics", "legend", "lines", "plot", "points", "text",
     "title")
     importFrom("stats", "runif")
     importFrom("utils", "combn")
    to your NAMESPACE file.
Flavors: r-oldrel-macos-x86_64, r-oldrel-windows-ix86+x86_64