Last updated on 2023-03-27 06:50:04 CEST.
Flavor | Version | Tinstall | Tcheck | Ttotal | Status | Flags |
---|---|---|---|---|---|---|
r-devel-linux-x86_64-debian-clang | 2.1.6 | 26.32 | 100.86 | 127.18 | NOTE | |
r-devel-linux-x86_64-debian-gcc | 2.1.6 | 22.64 | 76.99 | 99.63 | NOTE | |
r-devel-linux-x86_64-fedora-clang | 2.1.6 | 163.03 | NOTE | |||
r-devel-linux-x86_64-fedora-gcc | 2.1.6 | 161.16 | NOTE | |||
r-patched-linux-x86_64 | 2.1.6 | 24.76 | 100.21 | 124.97 | NOTE | |
r-release-linux-x86_64 | 2.1.6 | 27.39 | 98.92 | 126.31 | OK | |
r-release-macos-arm64 | 2.1.6 | 59.00 | OK | |||
r-release-macos-x86_64 | 2.1.6 | 69.00 | OK | |||
r-release-windows-x86_64 | 2.1.6 | 51.00 | 145.00 | 196.00 | OK | |
r-oldrel-macos-arm64 | 2.1.6 | 69.00 | OK | |||
r-oldrel-macos-x86_64 | 2.1.6 | 94.00 | OK | |||
r-oldrel-windows-ix86+x86_64 | 2.1.6 | 72.00 | 176.00 | 248.00 | OK |
Version: 2.1.6
Check: Rd files
Result: NOTE
checkRd: (-1) phihat.Rd:34: Escaped LaTeX specials: \&
Flavors: r-devel-linux-x86_64-debian-clang, r-devel-linux-x86_64-debian-gcc, r-devel-linux-x86_64-fedora-clang, r-devel-linux-x86_64-fedora-gcc, r-patched-linux-x86_64