Last updated on 2022-06-29 06:53:24 CEST.
Flavor | Version | Tinstall | Tcheck | Ttotal | Status | Flags |
---|---|---|---|---|---|---|
r-devel-linux-x86_64-debian-clang | 1.5 | 5.57 | 34.24 | 39.81 | OK | |
r-devel-linux-x86_64-debian-gcc | 1.5 | 4.38 | 25.95 | 30.33 | OK | |
r-devel-linux-x86_64-fedora-clang | 1.5 | 57.19 | NOTE | |||
r-devel-linux-x86_64-fedora-gcc | 1.5 | 58.29 | NOTE | |||
r-devel-windows-x86_64 | 1.5 | 20.00 | 60.00 | 80.00 | OK | |
r-patched-linux-x86_64 | 1.5 | 6.06 | 32.26 | 38.32 | OK | |
r-release-linux-x86_64 | 1.5 | 5.80 | 32.82 | 38.62 | OK | |
r-release-macos-arm64 | 1.5 | 19.00 | OK | |||
r-release-macos-x86_64 | 1.5 | 28.00 | OK | |||
r-release-windows-x86_64 | 1.5 | 24.00 | 58.00 | 82.00 | OK | |
r-oldrel-macos-arm64 | 1.5 | 21.00 | OK | |||
r-oldrel-macos-x86_64 | 1.5 | 36.00 | OK | |||
r-oldrel-windows-ix86+x86_64 | 1.5 | 13.00 | 60.00 | 73.00 | OK |
Version: 1.5
Check: compiled code
Result: NOTE
File ‘diffIRT/libs/diffIRT.so’:
Found no calls to: ‘R_registerRoutines’, ‘R_useDynamicSymbols’
It is good practice to register native routines and to disable symbol
search.
See ‘Writing portable packages’ in the ‘Writing R Extensions’ manual.
Flavors: r-devel-linux-x86_64-fedora-clang, r-devel-linux-x86_64-fedora-gcc