CRAN Package Check Results for Package diffdf

Last updated on 2022-09-27 07:50:40 CEST.

Flavor Version Tinstall Tcheck Ttotal Status Flags
r-devel-linux-x86_64-debian-clang 1.0.4 5.83 68.46 74.29 NOTE
r-devel-linux-x86_64-debian-gcc 1.0.4 4.12 51.16 55.28 NOTE
r-devel-linux-x86_64-fedora-clang 1.0.4 107.09 NOTE
r-devel-linux-x86_64-fedora-gcc 1.0.4 95.11 NOTE
r-devel-windows-x86_64 1.0.4 26.00 98.00 124.00 NOTE
r-patched-linux-x86_64 1.0.4 4.22 65.01 69.23 NOTE
r-release-linux-x86_64 1.0.4 5.58 65.02 70.60 NOTE
r-release-macos-arm64 1.0.4 24.00 NOTE
r-release-macos-x86_64 1.0.4 42.00 NOTE
r-release-windows-x86_64 1.0.4 26.00 97.00 123.00 NOTE
r-oldrel-macos-arm64 1.0.4 31.00 NOTE
r-oldrel-macos-x86_64 1.0.4 39.00 NOTE
r-oldrel-windows-ix86+x86_64 1.0.4 12.00 93.00 105.00 NOTE

Check Details

Version: 1.0.4
Check: LazyData
Result: NOTE
     'LazyData' is specified without a 'data' directory
Flavors: r-devel-linux-x86_64-debian-clang, r-devel-linux-x86_64-debian-gcc, r-devel-linux-x86_64-fedora-clang, r-devel-linux-x86_64-fedora-gcc, r-devel-windows-x86_64, r-patched-linux-x86_64, r-release-linux-x86_64, r-release-macos-arm64, r-release-macos-x86_64, r-release-windows-x86_64, r-oldrel-macos-arm64, r-oldrel-macos-x86_64, r-oldrel-windows-ix86+x86_64