CRAN Package Check Results for Package diffeqr

Last updated on 2020-09-25 06:49:56 CEST.

Flavor Version Tinstall Tcheck Ttotal Status Flags
r-devel-linux-x86_64-debian-clang 1.0.0 3.04 30.84 33.88 OK
r-devel-linux-x86_64-debian-gcc 1.0.0 2.15 24.55 26.70 OK
r-devel-linux-x86_64-fedora-clang 1.0.0 48.52 NOTE
r-devel-linux-x86_64-fedora-gcc 1.0.0 40.07 NOTE
r-devel-windows-ix86+x86_64 1.0.0 6.00 54.00 60.00 NOTE
r-patched-linux-x86_64 1.0.0 2.63 30.36 32.99 OK
r-patched-solaris-x86 1.0.0 55.10 NOTE
r-release-linux-x86_64 1.0.0 2.95 30.26 33.21 OK
r-release-macos-x86_64 1.0.0 NOTE
r-release-windows-ix86+x86_64 1.0.0 5.00 55.00 60.00 NOTE
r-oldrel-macos-x86_64 1.0.0 NOTE
r-oldrel-windows-ix86+x86_64 1.0.0 5.00 49.00 54.00 NOTE

Check Details

Version: 1.0.0
Check: installed package size
Result: NOTE
     installed size is 10.9Mb
     sub-directories of 1Mb or more:
     doc 10.8Mb
Flavors: r-devel-linux-x86_64-fedora-clang, r-devel-windows-ix86+x86_64, r-patched-solaris-x86, r-release-macos-x86_64, r-release-windows-ix86+x86_64, r-oldrel-macos-x86_64, r-oldrel-windows-ix86+x86_64

Version: 1.0.0
Check: dependencies in R code
Result: NOTE
    Namespace in Imports field not imported from: ‘stringr’
     All declared Imports should be used.
Flavors: r-devel-linux-x86_64-fedora-clang, r-devel-linux-x86_64-fedora-gcc, r-patched-solaris-x86, r-release-macos-x86_64, r-oldrel-macos-x86_64