CRAN Package Check Results for Package diffrprojects

Last updated on 2020-08-14 06:48:52 CEST.

Flavor Version Tinstall Tcheck Ttotal Status Flags
r-devel-linux-x86_64-debian-clang 0.1.14 36.45 97.97 134.42 OK
r-devel-linux-x86_64-debian-gcc 0.1.14 27.68 72.26 99.94 OK
r-devel-linux-x86_64-fedora-clang 0.1.14 176.19 NOTE
r-devel-linux-x86_64-fedora-gcc 0.1.14 153.14 NOTE
r-devel-windows-ix86+x86_64 0.1.14 108.00 202.00 310.00 OK
r-patched-linux-x86_64 0.1.14 28.64 89.10 117.74 OK
r-patched-solaris-x86 0.1.14 283.90 OK
r-release-linux-x86_64 0.1.14 26.87 91.57 118.44 OK
r-release-macos-x86_64 0.1.14 OK
r-release-windows-ix86+x86_64 0.1.14 100.00 244.00 344.00 OK
r-oldrel-macos-x86_64 0.1.14 OK
r-oldrel-windows-ix86+x86_64 0.1.14 67.00 176.00 243.00 OK

Check Details

Version: 0.1.14
Check: compiled code
Result: NOTE
    File ‘diffrprojects/libs/diffrprojects.so’:
     Found no calls to: ‘R_registerRoutines’, ‘R_useDynamicSymbols’
    
    It is good practice to register native routines and to disable symbol
    search.
    
    See ‘Writing portable packages’ in the ‘Writing R Extensions’ manual.
Flavors: r-devel-linux-x86_64-fedora-clang, r-devel-linux-x86_64-fedora-gcc