Last updated on 2022-07-05 06:51:48 CEST.
Flavor | Version | Tinstall | Tcheck | Ttotal | Status | Flags |
---|---|---|---|---|---|---|
r-devel-linux-x86_64-debian-clang | 1.0.0 | 35.23 | 89.22 | 124.45 | OK | |
r-devel-linux-x86_64-debian-gcc | 1.0.0 | 28.15 | 65.98 | 94.13 | OK | |
r-devel-linux-x86_64-fedora-clang | 1.0.0 | 173.47 | NOTE | |||
r-devel-linux-x86_64-fedora-gcc | 1.0.0 | 162.80 | OK | |||
r-devel-windows-x86_64 | 1.0.0 | 51.00 | 139.00 | 190.00 | OK | |
r-patched-linux-x86_64 | 1.0.0 | 28.57 | 86.35 | 114.92 | OK | |
r-release-linux-x86_64 | 1.0.0 | 31.00 | 85.01 | 116.01 | OK | |
r-release-macos-arm64 | 1.0.0 | 56.00 | OK | |||
r-release-macos-x86_64 | 1.0.0 | 99.00 | OK | |||
r-release-windows-x86_64 | 1.0.0 | 57.00 | 135.00 | 192.00 | OK | |
r-oldrel-macos-arm64 | 1.0.0 | 263.00 | OK | |||
r-oldrel-macos-x86_64 | 1.0.0 | 69.00 | OK | |||
r-oldrel-windows-ix86+x86_64 | 1.0.0 | 98.00 | 139.00 | 237.00 | OK |
Version: 1.0.0
Check: Rd cross-references
Result: NOTE
Undeclared package ‘RColorBrewer’ in Rd xrefs
Flavor: r-devel-linux-x86_64-fedora-clang