CRAN Package Check Results for Package dimRed

Last updated on 2020-08-14 06:48:52 CEST.

Flavor Version Tinstall Tcheck Ttotal Status Flags
r-devel-linux-x86_64-debian-clang 0.2.3 21.37 279.79 301.16 OK
r-devel-linux-x86_64-debian-gcc 0.2.3 14.93 205.17 220.10 OK
r-devel-linux-x86_64-fedora-clang 0.2.3 352.06 NOTE
r-devel-linux-x86_64-fedora-gcc 0.2.3 356.41 OK
r-devel-windows-ix86+x86_64 0.2.3 43.00 322.00 365.00 OK
r-patched-linux-x86_64 0.2.3 18.79 268.63 287.42 OK
r-patched-solaris-x86 0.2.3 470.10 OK
r-release-linux-x86_64 0.2.3 18.03 269.06 287.09 OK
r-release-macos-x86_64 0.2.3 NOTE
r-release-windows-ix86+x86_64 0.2.3 44.00 355.00 399.00 OK
r-oldrel-macos-x86_64 0.2.3 NOTE
r-oldrel-windows-ix86+x86_64 0.2.3 24.00 238.00 262.00 OK

Check Details

Version: 0.2.3
Check: Rd cross-references
Result: NOTE
    Undeclared package ‘CVST’ in Rd xrefs
Flavor: r-devel-linux-x86_64-fedora-clang

Version: 0.2.3
Check: package dependencies
Result: NOTE
    Package suggested but not available for checking: ‘pcaL1’
Flavors: r-release-macos-x86_64, r-oldrel-macos-x86_64