CRAN Package Check Results for Package dirichletprocess

Last updated on 2021-01-18 06:46:31 CET.

Flavor Version Tinstall Tcheck Ttotal Status Flags
r-devel-linux-x86_64-debian-clang 0.4.0 5.50 104.79 110.29 OK
r-devel-linux-x86_64-debian-gcc 0.4.0 3.68 77.66 81.34 OK
r-devel-linux-x86_64-fedora-clang 0.4.0 143.23 OK
r-devel-linux-x86_64-fedora-gcc 0.4.0 138.80 OK
r-devel-windows-ix86+x86_64 0.4.0 8.00 102.00 110.00 OK
r-patched-linux-x86_64 0.4.0 5.09 102.54 107.63 OK
r-patched-solaris-x86 0.4.0 153.30 OK
r-release-linux-x86_64 0.4.0 5.68 89.62 95.30 WARN
r-release-macos-x86_64 0.4.0 OK
r-release-windows-ix86+x86_64 0.4.0 8.00 92.00 100.00 OK
r-oldrel-macos-x86_64 0.4.0 OK
r-oldrel-windows-ix86+x86_64 0.4.0 9.00 92.00 101.00 OK

Check Details

Version: 0.4.0
Check: re-building of vignette outputs
Result: WARN
    Error(s) in re-building vignettes:
     ...
    --- re-building ‘dirichletprocess.Rnw’ using Sweave
    Error: processing vignette 'dirichletprocess.Rnw' failed with diagnostics:
    Running ‘texi2dvi’ on ‘dirichletprocess.tex’ failed.
    LaTeX errors:
    ! Undefined control sequence.
    \hyper@linkurl ...tionraw >>}\relax \Hy@colorlink
     \@urlcolor #1\Hy@xspace@en...
    l.81 \begin{document}
    
    ! Undefined control sequence.
    \close@pdflink ->\Hy@endcolorlink
     \Hy@VerboseLinkStop \pdfendlink
    l.81 \begin{document}
    
    ! Undefined control sequence.
    \hyper@linkurl ...tionraw >>}\relax \Hy@colorlink
     \@urlcolor #1\Hy@xspace@en...
    l.81 \begin{document}
    
    ! Undefined control sequence.
    \close@pdflink ->\Hy@endcolorlink
     \Hy@VerboseLinkStop \pdfendlink
    l.81 \begin{document}
    
    --- failed re-building 'dirichletprocess.Rnw'
    
    SUMMARY: processing the following file failed:
     'dirichletprocess.Rnw'
    
    Error: Vignette re-building failed.
    Execution halted
Flavor: r-release-linux-x86_64