CRAN Package Check Results for Package discourseGT

Last updated on 2022-01-27 06:48:31 CET.

Flavor Version Tinstall Tcheck Ttotal Status Flags
r-devel-linux-x86_64-debian-clang 1.1.7 3.55 44.99 48.54 OK
r-devel-linux-x86_64-debian-gcc 1.1.7 2.65 34.63 37.28 OK
r-devel-linux-x86_64-fedora-clang 1.1.7 59.59 OK
r-devel-linux-x86_64-fedora-gcc 1.1.7 48.19 OK
r-devel-windows-x86_64-new-UL 1.1.7 82.00 72.00 154.00 OK
r-devel-windows-x86_64-new-TK 1.1.7 NOTE
r-patched-linux-x86_64 1.1.7 2.75 42.67 45.42 OK
r-release-linux-x86_64 1.1.7 3.49 41.87 45.36 OK
r-release-macos-arm64 1.1.7 OK
r-release-macos-x86_64 1.1.7 OK
r-release-windows-ix86+x86_64 1.1.7 7.00 52.00 59.00 OK
r-oldrel-macos-x86_64 1.1.7 OK
r-oldrel-windows-ix86+x86_64 1.1.7 8.00 55.00 63.00 OK

Check Details

Version: 1.1.7
Check: package dependencies
Result: NOTE
    Package suggested but not available for checking: 'ggpubr'
Flavor: r-devel-windows-x86_64-new-TK