CRAN Package Check Results for Package discoverableresearch

Last updated on 2024-07-22 06:49:05 CEST.

Flavor Version Tinstall Tcheck Ttotal Status Flags
r-devel-linux-x86_64-debian-clang 0.0.1 3.19 50.19 53.38 OK
r-devel-linux-x86_64-debian-gcc 0.0.1 2.16 37.14 39.30 OK
r-devel-linux-x86_64-fedora-clang 0.0.1 65.93 NOTE
r-devel-linux-x86_64-fedora-gcc 0.0.1 74.44 NOTE
r-devel-windows-x86_64 0.0.1 4.00 62.00 66.00 OK
r-patched-linux-x86_64 0.0.1 2.23 47.91 50.14 OK
r-release-linux-x86_64 0.0.1 1.73 47.88 49.61 OK
r-release-macos-arm64 0.0.1 31.00 OK
r-release-macos-x86_64 0.0.1 46.00 OK
r-release-windows-x86_64 0.0.1 5.00 61.00 66.00 OK
r-oldrel-macos-arm64 0.0.1 31.00 OK
r-oldrel-macos-x86_64 0.0.1 46.00 OK
r-oldrel-windows-x86_64 0.0.1 4.00 68.00 72.00 OK

Check Details

Version: 0.0.1
Check: dependencies in R code
Result: NOTE Namespaces in Imports field not imported from: ‘dplyr’ ‘readr’ All declared Imports should be used. Flavors: r-devel-linux-x86_64-fedora-clang, r-devel-linux-x86_64-fedora-gcc