CRAN Package Check Results for Package discreteMTP

Last updated on 2020-08-05 06:47:18 CEST.

Flavor Version Tinstall Tcheck Ttotal Status Flags
r-devel-linux-x86_64-debian-clang 0.1-2 1.87 23.09 24.96 NOTE
r-devel-linux-x86_64-debian-gcc 0.1-2 1.56 17.93 19.49 NOTE
r-devel-linux-x86_64-fedora-clang 0.1-2 38.88 NOTE
r-devel-linux-x86_64-fedora-gcc 0.1-2 29.58 NOTE
r-devel-windows-ix86+x86_64 0.1-2 6.00 33.00 39.00 NOTE
r-patched-linux-x86_64 0.1-2 1.73 23.18 24.91 NOTE
r-patched-solaris-x86 0.1-2 49.00 NOTE
r-release-linux-x86_64 0.1-2 1.76 22.96 24.72 NOTE
r-release-macos-x86_64 0.1-2 NOTE
r-release-windows-ix86+x86_64 0.1-2 4.00 35.00 39.00 NOTE
r-oldrel-macos-x86_64 0.1-2 NOTE
r-oldrel-windows-ix86+x86_64 0.1-2 4.00 47.00 51.00 NOTE

Check Details

Version: 0.1-2
Check: R code for possible problems
Result: NOTE
    p.discrete.adjust : <anonymous>: no visible global function definition
     for 'stepfun'
    Undefined global functions or variables:
     stepfun
    Consider adding
     importFrom("stats", "stepfun")
    to your NAMESPACE file.
Flavors: r-devel-linux-x86_64-debian-clang, r-devel-linux-x86_64-debian-gcc, r-devel-linux-x86_64-fedora-clang, r-devel-linux-x86_64-fedora-gcc, r-devel-windows-ix86+x86_64, r-patched-linux-x86_64, r-patched-solaris-x86, r-release-linux-x86_64, r-release-macos-x86_64, r-release-windows-ix86+x86_64, r-oldrel-macos-x86_64, r-oldrel-windows-ix86+x86_64