CRAN Package Check Results for Package diseasemapping

Last updated on 2020-09-21 06:49:08 CEST.

Flavor Version Tinstall Tcheck Ttotal Status Flags
r-devel-linux-x86_64-debian-clang 1.4.9 7.32 87.93 95.25 NOTE
r-devel-linux-x86_64-debian-gcc 1.4.9 5.52 67.56 73.08 NOTE
r-devel-linux-x86_64-fedora-clang 1.4.9 124.21 OK
r-devel-linux-x86_64-fedora-gcc 1.4.9 152.67 OK
r-devel-windows-ix86+x86_64 1.4.9 12.00 106.00 118.00 OK
r-patched-linux-x86_64 1.4.9 6.26 86.34 92.60 NOTE
r-patched-solaris-x86 1.4.9 167.50 NOTE
r-release-linux-x86_64 1.4.9 7.47 86.13 93.60 NOTE
r-release-macos-x86_64 1.4.9 NOTE
r-release-windows-ix86+x86_64 1.4.9 13.00 96.00 109.00 OK
r-oldrel-macos-x86_64 1.4.9 NOTE
r-oldrel-windows-ix86+x86_64 1.4.9 7.00 116.00 123.00 OK

Check Details

Version: 1.4.9
Check: package dependencies
Result: NOTE
    Package which this enhances but not available for checking: 'INLA'
Flavors: r-devel-linux-x86_64-debian-clang, r-devel-linux-x86_64-debian-gcc, r-patched-linux-x86_64, r-patched-solaris-x86, r-release-linux-x86_64, r-release-macos-x86_64, r-oldrel-macos-x86_64