CRAN Package Check Results for Package disposables

Last updated on 2022-01-22 06:48:51 CET.

Flavor Version Tinstall Tcheck Ttotal Status Flags
r-devel-linux-x86_64-debian-clang 1.0.3 1.71 32.82 34.53 NOTE
r-devel-linux-x86_64-debian-gcc 1.0.3 1.42 25.75 27.17 NOTE
r-devel-linux-x86_64-fedora-clang 1.0.3 44.02 NOTE
r-devel-linux-x86_64-fedora-gcc 1.0.3 31.98 NOTE
r-devel-windows-x86_64-new-UL 1.0.3 30.00 51.00 81.00 NOTE
r-devel-windows-x86_64-new-TK 1.0.3 NOTE
r-patched-linux-x86_64 1.0.3 1.65 31.73 33.38 NOTE
r-release-linux-x86_64 1.0.3 1.58 31.55 33.13 NOTE
r-release-macos-arm64 1.0.3 NOTE
r-release-macos-x86_64 1.0.3 NOTE
r-release-windows-ix86+x86_64 1.0.3 5.00 44.00 49.00 NOTE
r-oldrel-macos-x86_64 1.0.3 OK
r-oldrel-windows-ix86+x86_64 1.0.3 5.00 42.00 47.00 OK

Check Details

Version: 1.0.3
Check: LazyData
Result: NOTE
     'LazyData' is specified without a 'data' directory
Flavors: r-devel-linux-x86_64-debian-clang, r-devel-linux-x86_64-debian-gcc, r-devel-linux-x86_64-fedora-clang, r-devel-linux-x86_64-fedora-gcc, r-devel-windows-x86_64-new-UL, r-devel-windows-x86_64-new-TK, r-patched-linux-x86_64, r-release-linux-x86_64, r-release-macos-arm64, r-release-macos-x86_64, r-release-windows-ix86+x86_64