CRAN Package Check Results for Package dispositionEffect

Last updated on 2024-06-17 07:49:31 CEST.

Flavor Version Tinstall Tcheck Ttotal Status Flags
r-devel-linux-x86_64-debian-clang 1.0.1 6.93 167.35 174.28 OK
r-devel-linux-x86_64-debian-gcc 1.0.1 4.01 121.33 125.34 OK
r-devel-linux-x86_64-fedora-clang 1.0.1 208.27 OK
r-devel-linux-x86_64-fedora-gcc 1.0.1 211.28 OK
r-devel-windows-x86_64 1.0.1 6.00 128.00 134.00 OK
r-patched-linux-x86_64 1.0.1 6.51 160.37 166.88 OK
r-release-linux-x86_64 1.0.1 5.54 157.60 163.14 OK
r-release-macos-arm64 1.0.1 64.00 ERROR
r-release-macos-x86_64 1.0.1 107.00 ERROR
r-release-windows-x86_64 1.0.1 6.00 132.00 138.00 OK
r-oldrel-macos-arm64 1.0.1 67.00 ERROR
r-oldrel-macos-x86_64 1.0.1 132.00 ERROR
r-oldrel-windows-x86_64 1.0.1 7.00 164.00 171.00 OK

Check Details

Version: 1.0.1
Check: tests
Result: ERROR Running ‘testthat.R’ [4s/4s] Running the tests in ‘tests/testthat.R’ failed. Last 13 lines of output: realized_duration(...) not equal to c(...). 1/4 mismatches [1] 29 - 28 == 1 ── Failure ('test-realized_duration.R:158:2'): realized_duration works (realized_only = TRUE) ── realized_duration(...) not equal to c(...). 1/4 mismatches [2] 29 - 28 == 1 ── Failure ('test-realized_duration.R:161:2'): realized_duration works (realized_only = TRUE) ── realized_duration(...) not equal to c(...). 1/4 mismatches [1] 29 - 28 == 1 [ FAIL 36 | WARN 0 | SKIP 0 | PASS 331 ] Error: Test failures Execution halted Flavors: r-release-macos-arm64, r-oldrel-macos-arm64

Version: 1.0.1
Check: tests
Result: ERROR Running ‘testthat.R’ [7s/8s] Running the tests in ‘tests/testthat.R’ failed. Last 13 lines of output: realized_duration(...) not equal to c(...). 1/4 mismatches [1] 31 - 28 == 3 ── Failure ('test-realized_duration.R:158:2'): realized_duration works (realized_only = TRUE) ── realized_duration(...) not equal to c(...). 1/4 mismatches [2] 31 - 28 == 3 ── Failure ('test-realized_duration.R:161:2'): realized_duration works (realized_only = TRUE) ── realized_duration(...) not equal to c(...). 1/4 mismatches [1] 31 - 28 == 3 [ FAIL 36 | WARN 0 | SKIP 0 | PASS 331 ] Error: Test failures Execution halted Flavor: r-release-macos-x86_64

Version: 1.0.1
Check: tests
Result: ERROR Running ‘testthat.R’ [6s/9s] Running the tests in ‘tests/testthat.R’ failed. Last 13 lines of output: realized_duration(...) not equal to c(...). 1/4 mismatches [1] 31 - 28 == 3 ── Failure ('test-realized_duration.R:158:2'): realized_duration works (realized_only = TRUE) ── realized_duration(...) not equal to c(...). 1/4 mismatches [2] 31 - 28 == 3 ── Failure ('test-realized_duration.R:161:2'): realized_duration works (realized_only = TRUE) ── realized_duration(...) not equal to c(...). 1/4 mismatches [1] 31 - 28 == 3 [ FAIL 36 | WARN 0 | SKIP 0 | PASS 331 ] Error: Test failures Execution halted Flavor: r-oldrel-macos-x86_64