CRAN Package Check Results for Package disprose

Last updated on 2022-07-01 06:51:27 CEST.

Flavor Version Tinstall Tcheck Ttotal Status Flags
r-devel-linux-x86_64-debian-clang 0.1.6 4.36 52.30 56.66 OK
r-devel-linux-x86_64-debian-gcc 0.1.6 3.80 39.24 43.04 OK
r-devel-linux-x86_64-fedora-clang 0.1.6 78.49 OK
r-devel-linux-x86_64-fedora-gcc 0.1.6 80.51 OK
r-devel-windows-x86_64 0.1.6 38.00 90.00 128.00 OK
r-patched-linux-x86_64 0.1.6 6.42 49.37 55.79 OK
r-release-linux-x86_64 0.1.6 4.69 49.36 54.05 OK
r-release-macos-arm64 0.1.6 34.00 NOTE
r-release-macos-x86_64 0.1.6 42.00 OK
r-release-windows-x86_64 0.1.6 36.00 88.00 124.00 OK
r-oldrel-macos-arm64 0.1.6 36.00 OK
r-oldrel-macos-x86_64 0.1.6 44.00 OK
r-oldrel-windows-ix86+x86_64 0.1.6 11.00 78.00 89.00 OK

Check Details

Version: 0.1.6
Check: package dependencies
Result: NOTE
    Package suggested but not available for checking: ‘biomartr’
Flavor: r-release-macos-arm64

Version: 0.1.6
Check: Rd cross-references
Result: NOTE
    Package unavailable to check Rd xrefs: ‘biomartr’
Flavor: r-release-macos-arm64