Last updated on 2023-03-25 05:50:30 CET.
Flavor | Version | Tinstall | Tcheck | Ttotal | Status | Flags |
---|---|---|---|---|---|---|
r-devel-linux-x86_64-debian-clang | 1.2-1 | 3.04 | 36.47 | 39.51 | NOTE | |
r-devel-linux-x86_64-debian-gcc | 1.2-1 | 2.77 | 27.88 | 30.65 | NOTE | |
r-devel-linux-x86_64-fedora-clang | 1.2-1 | 49.56 | NOTE | |||
r-devel-linux-x86_64-fedora-gcc | 1.2-1 | 47.15 | NOTE | |||
r-patched-linux-x86_64 | 1.2-1 | 4.43 | 36.00 | 40.43 | OK | |
r-release-linux-x86_64 | 1.2-1 | 3.60 | 35.74 | 39.34 | OK | |
r-release-macos-arm64 | 1.2-1 | 18.00 | OK | |||
r-release-macos-x86_64 | 1.2-1 | 25.00 | OK | |||
r-release-windows-x86_64 | 1.2-1 | 8.00 | 55.00 | 63.00 | OK | |
r-oldrel-macos-arm64 | 1.2-1 | 23.00 | OK | |||
r-oldrel-macos-x86_64 | 1.2-1 | 33.00 | OK | |||
r-oldrel-windows-ix86+x86_64 | 1.2-1 | 8.00 | 36.00 | 44.00 | OK |
Version: 1.2-1
Check: Rd files
Result: NOTE
checkRd: (-1) booter.Rd:68: Escaped LaTeX specials: \&
checkRd: (-1) ci.booted.Rd:53: Escaped LaTeX specials: \&
checkRd: (-1) pbooter.Rd:57: Escaped LaTeX specials: \&
Flavors: r-devel-linux-x86_64-debian-clang, r-devel-linux-x86_64-debian-gcc, r-devel-linux-x86_64-fedora-clang, r-devel-linux-x86_64-fedora-gcc