CRAN Package Check Results for Package distrSim

Last updated on 2022-08-17 06:51:15 CEST.

Flavor Version Tinstall Tcheck Ttotal Status Flags
r-devel-linux-x86_64-debian-clang 2.8.0 17.25 61.70 78.95 NOTE
r-devel-linux-x86_64-debian-gcc 2.8.0 NOTE
r-devel-linux-x86_64-fedora-clang 2.8.0 111.96 NOTE
r-devel-linux-x86_64-fedora-gcc 2.8.0 117.00 NOTE
r-devel-windows-x86_64 2.8.0 52.00 86.00 138.00 OK
r-patched-linux-x86_64 2.8.0 20.86 59.45 80.31 NOTE
r-release-linux-x86_64 2.8.0 22.88 60.94 83.82 NOTE
r-release-macos-arm64 2.8.0 34.00 OK
r-release-macos-x86_64 2.8.0 43.00 OK
r-release-windows-x86_64 2.8.0 75.00 93.00 168.00 OK
r-oldrel-macos-arm64 2.8.0 40.00 OK
r-oldrel-macos-x86_64 2.8.0 62.00 OK
r-oldrel-windows-ix86+x86_64 2.8.0 36.00 84.00 120.00 OK

Check Details

Version: 2.8.0
Check: for non-standard things in the check directory
Result: NOTE
    Found the following files/directories:
     'csim' 'xyz' 'xyz.sav' 'xyz.sav.comment'
Flavors: r-devel-linux-x86_64-debian-clang, r-devel-linux-x86_64-debian-gcc, r-devel-linux-x86_64-fedora-clang, r-devel-linux-x86_64-fedora-gcc, r-patched-linux-x86_64, r-release-linux-x86_64

Version: 2.8.0
Check: Rd cross-references
Result: NOTE
    Undeclared package ‘distrTEst’ in Rd xrefs
Flavor: r-devel-linux-x86_64-fedora-clang