CRAN Package Check Results for Package divDyn

Last updated on 2022-08-15 06:49:06 CEST.

Flavor Version Tinstall Tcheck Ttotal Status Flags
r-devel-linux-x86_64-debian-clang 0.8.1 30.41 344.76 375.17 WARN
r-devel-linux-x86_64-debian-gcc 0.8.1 21.26 248.00 269.26 NOTE
r-devel-linux-x86_64-fedora-clang 0.8.1 458.06 WARN
r-devel-linux-x86_64-fedora-gcc 0.8.1 472.59 NOTE
r-devel-windows-x86_64 0.8.1 41.00 488.00 529.00 OK
r-patched-linux-x86_64 0.8.1 24.58 321.66 346.24 OK
r-release-linux-x86_64 0.8.1 26.22 325.49 351.71 OK
r-release-macos-arm64 0.8.1 113.00 OK
r-release-macos-x86_64 0.8.1 148.00 OK
r-release-windows-x86_64 0.8.1 40.00 489.00 529.00 OK
r-oldrel-macos-arm64 0.8.1 110.00 OK
r-oldrel-macos-x86_64 0.8.1 243.00 OK
r-oldrel-windows-ix86+x86_64 0.8.1 66.00 480.00 546.00 OK

Additional issues

clang14

Check Details

Version: 0.8.1
Check: whether package can be installed
Result: WARN
    Found the following significant warnings:
     Engine.cpp:73:8: warning: use of bitwise '&' with boolean operands [-Wbitwise-instead-of-logical]
     Engine.cpp:79:8: warning: use of bitwise '&' with boolean operands [-Wbitwise-instead-of-logical]
     Engine.cpp:84:8: warning: use of bitwise '&' with boolean operands [-Wbitwise-instead-of-logical]
     Engine.cpp:94:8: warning: use of bitwise '&' with boolean operands [-Wbitwise-instead-of-logical]
     Engine.cpp:102:8: warning: use of bitwise '&' with boolean operands [-Wbitwise-instead-of-logical]
     Engine.cpp:109:8: warning: use of bitwise '&' with boolean operands [-Wbitwise-instead-of-logical]
     Engine.cpp:116:8: warning: use of bitwise '&' with boolean operands [-Wbitwise-instead-of-logical]
     Engine.cpp:124:8: warning: use of bitwise '&' with boolean operands [-Wbitwise-instead-of-logical]
     Engine.cpp:132:8: warning: use of bitwise '&' with boolean operands [-Wbitwise-instead-of-logical]
     Engine.cpp:140:8: warning: use of bitwise '&' with boolean operands [-Wbitwise-instead-of-logical]
     Engine.cpp:148:8: warning: use of bitwise '&' with boolean operands [-Wbitwise-instead-of-logical]
     Engine.cpp:156:8: warning: use of bitwise '&' with boolean operands [-Wbitwise-instead-of-logical]
     Engine.cpp:164:8: warning: use of bitwise '&' with boolean operands [-Wbitwise-instead-of-logical]
Flavors: r-devel-linux-x86_64-debian-clang, r-devel-linux-x86_64-fedora-clang

Version: 0.8.1
Check: HTML version of manual
Result: NOTE
    Found the following HTML validation problems:
    divDyn.html:138:81: Warning: <em> is probably intended as </em>
    divDyn.html:138:96: Warning: discarding unexpected </em>
    divDyn.html:138:130: Warning: discarding unexpected </em>
    divDyn.html:140:82: Warning: <em> is probably intended as </em>
    divDyn.html:140:97: Warning: discarding unexpected </em>
    divDyn.html:140:131: Warning: discarding unexpected </em>
Flavors: r-devel-linux-x86_64-debian-clang, r-devel-linux-x86_64-debian-gcc, r-devel-linux-x86_64-fedora-gcc