CRAN Package Check Results for Package dkanr

Last updated on 2021-04-17 06:46:40 CEST.

Flavor Version Tinstall Tcheck Ttotal Status Flags
r-devel-linux-x86_64-debian-clang 0.1.3 3.18 72.98 76.16 NOTE
r-devel-linux-x86_64-debian-gcc 0.1.3 3.27 54.71 57.98 NOTE
r-devel-linux-x86_64-fedora-clang 0.1.3 99.49 NOTE
r-devel-linux-x86_64-fedora-gcc 0.1.3 89.30 NOTE
r-devel-windows-ix86+x86_64 0.1.3 7.00 120.00 127.00 NOTE
r-devel-windows-x86_64-gcc10-UCRT 0.1.3 NOTE
r-patched-linux-x86_64 0.1.3 3.57 70.49 74.06 OK
r-patched-solaris-x86 0.1.3 129.40 OK
r-release-linux-x86_64 0.1.3 3.98 72.05 76.03 OK
r-release-macos-x86_64 0.1.3 OK
r-release-windows-ix86+x86_64 0.1.3 18.00 124.00 142.00 OK
r-oldrel-macos-x86_64 0.1.3 OK
r-oldrel-windows-ix86+x86_64 0.1.3 3.00 114.00 117.00 OK

Check Details

Version: 0.1.3
Check: LazyData
Result: NOTE
     'LazyData' is specified without a 'data' directory
Flavors: r-devel-linux-x86_64-debian-clang, r-devel-linux-x86_64-debian-gcc, r-devel-linux-x86_64-fedora-clang, r-devel-linux-x86_64-fedora-gcc, r-devel-windows-ix86+x86_64, r-devel-windows-x86_64-gcc10-UCRT