CRAN Package Check Results for Package dmbc

Last updated on 2020-09-22 06:47:22 CEST.

Flavor Version Tinstall Tcheck Ttotal Status Flags
r-devel-linux-x86_64-debian-clang 0.4.0 98.82 78.46 177.28 OK
r-devel-linux-x86_64-debian-gcc 0.4.0 0.34 2.41 2.75 ERROR
r-devel-linux-x86_64-fedora-clang 0.4.0 248.55 NOTE
r-devel-linux-x86_64-fedora-gcc 0.4.0 221.71 NOTE
r-devel-windows-ix86+x86_64 0.4.0 233.00 123.00 356.00 OK
r-patched-linux-x86_64 0.4.0 76.41 74.21 150.62 OK
r-patched-solaris-x86 0.4.0 219.50 NOTE
r-release-linux-x86_64 0.4.0 77.21 75.02 152.23 OK
r-release-macos-x86_64 0.4.0 NOTE
r-release-windows-ix86+x86_64 0.4.0 228.00 123.00 351.00 OK
r-oldrel-macos-x86_64 0.4.0 NOTE
r-oldrel-windows-ix86+x86_64 0.4.0 159.00 136.00 295.00 OK

Check Details

Version: 0.4.0
Check: whether package can be installed
Result: ERROR
    Installation failed.
Flavor: r-devel-linux-x86_64-debian-gcc

Version: 0.4.0
Check: dependencies in R code
Result: NOTE
    Namespace in Imports field not imported from: ‘ggrepel’
     All declared Imports should be used.
Flavors: r-devel-linux-x86_64-fedora-clang, r-devel-linux-x86_64-fedora-gcc, r-patched-solaris-x86, r-release-macos-x86_64, r-oldrel-macos-x86_64