CRAN Package Check Results for Package dmm

Last updated on 2021-01-19 06:50:59 CET.

Flavor Version Tinstall Tcheck Ttotal Status Flags
r-devel-linux-x86_64-debian-clang 2.1-6 16.56 110.67 127.23 OK
r-devel-linux-x86_64-debian-gcc 2.1-6 12.19 84.31 96.50 OK
r-devel-linux-x86_64-fedora-clang 2.1-6 161.80 OK
r-devel-linux-x86_64-fedora-gcc 2.1-6 150.07 OK
r-devel-windows-ix86+x86_64 2.1-6 22.00 102.00 124.00 ERROR
r-patched-linux-x86_64 2.1-6 13.64 102.83 116.47 OK
r-patched-solaris-x86 2.1-6 187.40 OK
r-release-linux-x86_64 2.1-6 12.30 103.42 115.72 OK
r-release-macos-x86_64 2.1-6 OK
r-release-windows-ix86+x86_64 2.1-6 24.00 103.00 127.00 OK
r-oldrel-macos-x86_64 2.1-6 OK
r-oldrel-windows-ix86+x86_64 2.1-6 17.00 89.00 106.00 OK

Check Details

Version: 2.1-6
Check: examples
Result: ERROR
    Running examples in 'dmm-Ex.R' failed
    The error most likely occurred in:
    
    > ### Name: dmm
    > ### Title: Fit a dyadic mixed model to pedigree data
    > ### Aliases: dmm dmm.default
    > ### Keywords: models multivariate
    >
    > ### ** Examples
    >
    >
    > library(dmm)
    > # Prepare the dataset sheep.df
    > data(sheep.df)
    > sheep.mdf <- mdf(sheep.df,pedcols=c(1:3),factorcols=c(4:6),ycols=c(7:9),
    + sexcode=c("M","F"),relmat=c("E","A","D"))
    Pedigree Id check:
    No of rows with Id in original dataframe = 42
    No of sex codes not in sexcode[] so changed to NA = 0
    No of rows with Sex == NA removed from dataframe = 0
    No of rows with Id == NA removed from dataframe = 0
    No of rows with duplicated Id removed from dataframe = 0
    No of rows remaining after duplicates and NA's removed = 42
    No of DId's with no matching Id = 2
    Length of dataframe with base Id's added = 44
    Renumber pedigree Id's:
    Add matrix of multivariate traits:
    Setup pedigree for nadiv():
    Make relationship matrices:
    starting to make D...Error in (function (cl, name, valueClass) :
     'uplo' is not a slot in class "ddiMatrix"
    Calls: mdf -> makeD -> <Anonymous>
    Execution halted
Flavor: r-devel-windows-ix86+x86_64