Last updated on 2023-03-22 05:52:24 CET.
Flavor | Version | Tinstall | Tcheck | Ttotal | Status | Flags |
---|---|---|---|---|---|---|
r-devel-linux-x86_64-debian-clang | 0.2.2 | 3.78 | 35.91 | 39.69 | OK | |
r-devel-linux-x86_64-debian-gcc | 0.2.2 | 3.18 | 28.81 | 31.99 | OK | |
r-devel-linux-x86_64-fedora-clang | 0.2.2 | 55.68 | OK | |||
r-devel-linux-x86_64-fedora-gcc | 0.2.2 | 65.37 | OK | |||
r-devel-windows-x86_64 | 0.2.2 | 17.00 | 84.00 | 101.00 | OK | |
r-patched-linux-x86_64 | 0.2.2 | 4.18 | 36.71 | 40.89 | OK | |
r-release-linux-x86_64 | 0.2.2 | 3.88 | 36.01 | 39.89 | OK | |
r-release-macos-arm64 | 0.2.2 | 5.00 | ERROR | |||
r-release-macos-x86_64 | 0.2.2 | 7.00 | ERROR | |||
r-release-windows-x86_64 | 0.2.2 | 20.00 | 75.00 | 95.00 | OK | |
r-oldrel-macos-arm64 | 0.2.2 | 9.00 | ERROR | |||
r-oldrel-macos-x86_64 | 0.2.2 | 11.00 | ERROR | |||
r-oldrel-windows-ix86+x86_64 | 0.2.2 | 9.00 | 63.00 | 72.00 | OK |
Version: 0.2.2
Check: package dependencies
Result: ERROR
Package required but not available: ‘Rmpi’
See section ‘The DESCRIPTION file’ in the ‘Writing R Extensions’
manual.
Flavors: r-release-macos-arm64, r-release-macos-x86_64, r-oldrel-macos-arm64, r-oldrel-macos-x86_64