CRAN Package Check Results for Package doParallel

Last updated on 2021-12-08 06:51:11 CET.

Flavor Version Tinstall Tcheck Ttotal Status Flags
r-devel-linux-x86_64-debian-clang 1.0.16 2.43 132.55 134.98 NOTE
r-devel-linux-x86_64-debian-gcc 1.0.16 1.46 102.05 103.51 NOTE
r-devel-linux-x86_64-fedora-clang 1.0.16 161.55 OK
r-devel-linux-x86_64-fedora-gcc 1.0.16 148.89 OK
r-devel-windows-x86_64-new-UL 1.0.16 7.00 171.00 178.00 OK
r-devel-windows-x86_64-new-TK 1.0.16 OK
r-devel-windows-x86_64-old 1.0.16 4.00 162.00 166.00 OK
r-patched-linux-x86_64 1.0.16 2.54 126.66 129.20 NOTE
r-release-linux-x86_64 1.0.16 2.14 124.44 126.58 NOTE
r-release-macos-arm64 1.0.16 OK
r-release-macos-x86_64 1.0.16 OK
r-release-windows-ix86+x86_64 1.0.16 4.00 158.00 162.00 OK
r-oldrel-macos-x86_64 1.0.16 OK
r-oldrel-windows-ix86+x86_64 1.0.16 5.00 158.00 163.00 OK

Check Details

Version: 1.0.16
Check: R code for possible problems
Result: NOTE
    Found the following calls to attach():
    File 'doParallel/R/doParallel.R':
     attach(exportEnv)
    See section 'Good practice' in '?attach'.
Flavors: r-devel-linux-x86_64-debian-clang, r-devel-linux-x86_64-debian-gcc, r-patched-linux-x86_64, r-release-linux-x86_64