CRAN Package Check Results for Package doRedis

Last updated on 2024-03-02 06:51:51 CET.

Flavor Version Tinstall Tcheck Ttotal Status Flags
r-devel-linux-x86_64-debian-clang 3.0.2 3.41 40.95 44.36 NOTE
r-devel-linux-x86_64-debian-gcc 3.0.2 3.29 32.36 35.65 NOTE
r-devel-linux-x86_64-fedora-clang 3.0.2 62.84 NOTE
r-devel-linux-x86_64-fedora-gcc 3.0.2 71.09 NOTE
r-devel-windows-x86_64 3.0.2 7.00 97.00 104.00 OK
r-patched-linux-x86_64 3.0.2 8.02 40.28 48.30 OK
r-release-linux-x86_64 3.0.2 3.53 40.91 44.44 OK
r-release-macos-arm64 3.0.2 36.00 OK
r-release-macos-x86_64 3.0.2 114.00 OK
r-release-windows-x86_64 3.0.2 9.00 85.00 94.00 OK
r-oldrel-macos-arm64 3.0.2 30.00 OK
r-oldrel-windows-x86_64 3.0.2 7.00 91.00 98.00 OK

Check Details

Version: 3.0.2
Check: Rd files
Result: NOTE checkRd: (-1) redisWorker.Rd:56: Lost braces; missing escapes or markup? 56 | You can increase it by including a {timeout=n} argument value. | ^ checkRd: (-1) startLocalWorkers.Rd:54: Lost braces; missing escapes or markup? 54 | You can increase it by including a {timeout=n} argument value. | ^ Flavors: r-devel-linux-x86_64-debian-clang, r-devel-linux-x86_64-debian-gcc, r-devel-linux-x86_64-fedora-clang, r-devel-linux-x86_64-fedora-gcc