CRAN Package Check Results for Package doc2vec

Last updated on 2021-06-17 06:48:06 CEST.

Flavor Version Tinstall Tcheck Ttotal Status Flags
r-devel-linux-x86_64-debian-clang 0.2.0 126.20 53.77 179.97 OK
r-devel-linux-x86_64-debian-gcc 0.2.0 80.59 41.64 122.23 OK
r-devel-linux-x86_64-fedora-clang 0.2.0 262.15 NOTE
r-devel-linux-x86_64-fedora-gcc 0.2.0 222.28 NOTE
r-devel-windows-x86_64 0.2.0 148.00 86.00 234.00 NOTE
r-devel-windows-x86_64-gcc10-UCRT 0.2.0 NOTE
r-patched-linux-x86_64 0.2.0 96.29 52.01 148.30 OK
r-patched-solaris-x86 0.2.0 224.30 NOTE
r-release-linux-x86_64 0.2.0 95.52 51.69 147.21 OK
r-release-macos-arm64 0.2.0 NOTE
r-release-macos-x86_64 0.2.0 NOTE
r-release-windows-ix86+x86_64 0.2.0 278.00 139.00 417.00 NOTE
r-oldrel-macos-x86_64 0.2.0 NOTE
r-oldrel-windows-ix86+x86_64 0.2.0 213.00 149.00 362.00 NOTE

Check Details

Version: 0.2.0
Check: installed package size
Result: NOTE
     installed size is 7.4Mb
     sub-directories of 1Mb or more:
     data 4.8Mb
     libs 2.4Mb
Flavors: r-devel-linux-x86_64-fedora-clang, r-devel-windows-x86_64, r-patched-solaris-x86, r-release-macos-arm64, r-release-macos-x86_64, r-release-windows-ix86+x86_64, r-oldrel-macos-x86_64, r-oldrel-windows-ix86+x86_64

Version: 0.2.0
Check: data for non-ASCII characters
Result: NOTE
     Note: found 9796 marked UTF-8 strings
Flavors: r-devel-linux-x86_64-fedora-clang, r-devel-linux-x86_64-fedora-gcc, r-devel-windows-x86_64-gcc10-UCRT, r-patched-solaris-x86, r-release-macos-arm64, r-release-macos-x86_64, r-oldrel-macos-x86_64