CRAN Package Check Results for Package doremi

Last updated on 2022-01-20 06:49:17 CET.

Flavor Version Tinstall Tcheck Ttotal Status Flags
r-devel-linux-x86_64-debian-clang 1.0.0 OK
r-devel-linux-x86_64-debian-gcc 1.0.0 10.01 207.17 217.18 OK
r-devel-linux-x86_64-fedora-clang 1.0.0 351.19 NOTE
r-devel-linux-x86_64-fedora-gcc 1.0.0 330.05 NOTE
r-devel-windows-x86_64-new-UL 1.0.0 21.00 305.00 326.00 OK
r-devel-windows-x86_64-new-TK 1.0.0 NOTE
r-patched-linux-x86_64 1.0.0 12.29 272.57 284.86 OK
r-release-linux-x86_64 1.0.0 OK
r-release-macos-arm64 1.0.0 NOTE
r-release-macos-x86_64 1.0.0 NOTE
r-release-windows-ix86+x86_64 1.0.0 29.00 310.00 339.00 OK
r-oldrel-macos-x86_64 1.0.0 NOTE
r-oldrel-windows-ix86+x86_64 1.0.0 31.00 310.00 341.00 OK

Check Details

Version: 1.0.0
Check: dependencies in R code
Result: NOTE
    Namespace in Imports field not imported from: ‘gridExtra’
     All declared Imports should be used.
Flavors: r-devel-linux-x86_64-fedora-clang, r-devel-linux-x86_64-fedora-gcc, r-devel-windows-x86_64-new-TK, r-release-macos-arm64, r-release-macos-x86_64, r-oldrel-macos-x86_64