CRAN Package Check Results for Package dosearch

Last updated on 2021-06-16 06:49:08 CEST.

Flavor Version Tinstall Tcheck Ttotal Status Flags
r-devel-linux-x86_64-debian-clang 1.0.6 62.18 44.38 106.56 OK
r-devel-linux-x86_64-debian-gcc 1.0.6 40.47 34.71 75.18 OK
r-devel-linux-x86_64-fedora-clang 1.0.6 160.87 NOTE
r-devel-linux-x86_64-fedora-gcc 1.0.6 132.83 OK
r-devel-windows-x86_64 1.0.6 76.00 81.00 157.00 OK
r-devel-windows-x86_64-gcc10-UCRT 1.0.6 OK
r-patched-linux-x86_64 1.0.6 52.76 42.85 95.61 OK
r-patched-solaris-x86 1.0.6 142.50 OK
r-release-linux-x86_64 1.0.6 49.47 42.44 91.91 OK
r-release-macos-arm64 1.0.6 OK
r-release-macos-x86_64 1.0.6 OK
r-release-windows-ix86+x86_64 1.0.6 147.00 105.00 252.00 OK
r-oldrel-macos-x86_64 1.0.6 OK
r-oldrel-windows-ix86+x86_64 1.0.6 108.00 110.00 218.00 OK

Check Details

Version: 1.0.6
Check: Rd cross-references
Result: NOTE
    Undeclared package ‘causaleffect’ in Rd xrefs
Flavor: r-devel-linux-x86_64-fedora-clang