Last updated on 2022-05-18 06:50:40 CEST.
Flavor | Version | Tinstall | Tcheck | Ttotal | Status | Flags |
---|---|---|---|---|---|---|
r-devel-linux-x86_64-debian-clang | 0.2.4 | 1.63 | 32.91 | 34.54 | NOTE | |
r-devel-linux-x86_64-debian-gcc | 0.2.4 | 1.84 | 25.81 | 27.65 | NOTE | |
r-devel-linux-x86_64-fedora-clang | 0.2.4 | 43.10 | NOTE | |||
r-devel-linux-x86_64-fedora-gcc | 0.2.4 | 41.70 | NOTE | |||
r-devel-windows-x86_64 | 0.2.4 | 13.00 | 56.00 | 69.00 | NOTE | |
r-patched-linux-x86_64 | 0.2.4 | 1.40 | 32.19 | 33.59 | NOTE | |
r-release-linux-x86_64 | 0.2.4 | 1.40 | 32.50 | 33.90 | NOTE | |
r-release-macos-arm64 | 0.2.4 | 17.00 | NOTE | |||
r-release-macos-x86_64 | 0.2.4 | 29.00 | NOTE | |||
r-release-windows-x86_64 | 0.2.4 | 23.00 | 59.00 | 82.00 | NOTE | |
r-oldrel-macos-arm64 | 0.2.4 | 22.00 | NOTE | |||
r-oldrel-macos-x86_64 | 0.2.4 | 30.00 | NOTE | |||
r-oldrel-windows-ix86+x86_64 | 0.2.4 | 7.00 | 46.00 | 53.00 | NOTE |
Version: 0.2.4
Check: LazyData
Result: NOTE
'LazyData' is specified without a 'data' directory
Flavors: r-devel-linux-x86_64-debian-clang, r-devel-linux-x86_64-debian-gcc, r-devel-linux-x86_64-fedora-clang, r-devel-linux-x86_64-fedora-gcc, r-devel-windows-x86_64, r-patched-linux-x86_64, r-release-linux-x86_64, r-release-macos-arm64, r-release-macos-x86_64, r-release-windows-x86_64, r-oldrel-macos-arm64, r-oldrel-macos-x86_64, r-oldrel-windows-ix86+x86_64
Version: 0.2.4
Check: dependencies in R code
Result: NOTE
Namespaces in Imports field not imported from:
‘DT’ ‘DoseFinding’ ‘ggplot2’ ‘lattice’ ‘latticeExtra’ ‘shinyjs’
All declared Imports should be used.
Flavors: r-devel-linux-x86_64-fedora-clang, r-devel-linux-x86_64-fedora-gcc, r-release-macos-arm64, r-release-macos-x86_64, r-oldrel-macos-arm64, r-oldrel-macos-x86_64