Last updated on 2023-04-01 07:10:36 CEST.
Flavor | Version | Tinstall | Tcheck | Ttotal | Status | Flags |
---|---|---|---|---|---|---|
r-devel-linux-x86_64-debian-clang | 0.3.0 | 3.74 | 29.57 | 33.31 | OK | |
r-devel-linux-x86_64-debian-gcc | 0.3.0 | 3.21 | 23.65 | 26.86 | OK | |
r-devel-linux-x86_64-fedora-clang | 0.3.0 | 42.49 | NOTE | |||
r-devel-linux-x86_64-fedora-gcc | 0.3.0 | 54.98 | NOTE | |||
r-devel-windows-x86_64 | 0.3.0 | 16.00 | 0.00 | 16.00 | OK | |
r-patched-linux-x86_64 | 0.3.0 | 3.70 | 28.74 | 32.44 | OK | |
r-release-linux-x86_64 | 0.3.0 | 3.36 | 36.02 | 39.38 | OK | |
r-release-macos-arm64 | 0.3.0 | 20.00 | OK | |||
r-release-macos-x86_64 | 0.3.0 | 30.00 | OK | |||
r-release-windows-x86_64 | 0.3.0 | 26.00 | 73.00 | 99.00 | OK | |
r-oldrel-macos-arm64 | 0.3.0 | 39.00 | OK | |||
r-oldrel-macos-x86_64 | 0.3.0 | 33.00 | OK | |||
r-oldrel-windows-ix86+x86_64 | 0.3.0 | 13.00 | 67.00 | 80.00 | OK |
Version: 0.3.0
Check: dependencies in R code
Result: NOTE
Namespaces in Imports field not imported from:
‘DT’ ‘DoseFinding’ ‘Rsolnp’ ‘ggplot2’ ‘kableExtra’ ‘knitr’
‘latticeExtra’ ‘purrr’ ‘readxl’ ‘shinyBS’ ‘shinyWidgets’ ‘shinyjs’
‘stringr’ ‘utils’
All declared Imports should be used.
Flavors: r-devel-linux-x86_64-fedora-clang, r-devel-linux-x86_64-fedora-gcc