Last updated on 2023-04-02 06:50:24 CEST.
Flavor | Version | Tinstall | Tcheck | Ttotal | Status | Flags |
---|---|---|---|---|---|---|
r-devel-linux-x86_64-debian-clang | 1.0-2 | 3.62 | 23.80 | 27.42 | NOTE | |
r-devel-linux-x86_64-debian-gcc | 1.0-2 | 2.85 | 18.79 | 21.64 | NOTE | |
r-devel-linux-x86_64-fedora-clang | 1.0-2 | 36.36 | NOTE | |||
r-devel-linux-x86_64-fedora-gcc | 1.0-2 | 33.51 | NOTE | |||
r-devel-windows-x86_64 | 1.0-2 | 10.00 | 56.00 | 66.00 | NOTE | |
r-patched-linux-x86_64 | 1.0-2 | 3.12 | 22.72 | 25.84 | NOTE | |
r-release-linux-x86_64 | 1.0-2 | 2.86 | 23.66 | 26.52 | NOTE | |
r-release-macos-arm64 | 1.0-2 | 7.00 | ERROR | |||
r-release-macos-x86_64 | 1.0-2 | 23.00 | NOTE | |||
r-release-windows-x86_64 | 1.0-2 | 31.00 | 59.00 | 90.00 | NOTE | |
r-oldrel-macos-arm64 | 1.0-2 | 19.00 | OK | |||
r-oldrel-macos-x86_64 | 1.0-2 | 26.00 | OK | |||
r-oldrel-windows-ix86+x86_64 | 1.0-2 | 15.00 | 60.00 | 75.00 | OK |
Version: 1.0-2
Check: package dependencies
Result: NOTE
Package suggested but not available for checking: ‘OpenMPController’
Flavors: r-devel-linux-x86_64-debian-clang, r-devel-linux-x86_64-debian-gcc, r-devel-linux-x86_64-fedora-clang, r-devel-linux-x86_64-fedora-gcc, r-devel-windows-x86_64, r-patched-linux-x86_64, r-release-linux-x86_64, r-release-macos-x86_64, r-release-windows-x86_64
Version: 1.0-2
Check: whether package can be installed
Result: ERROR
Installation failed.
Flavor: r-release-macos-arm64