CRAN Package Check Results for Package dplyr

Last updated on 2020-12-04 06:46:46 CET.

Flavor Version Tinstall Tcheck Ttotal Status Flags
r-devel-linux-x86_64-debian-clang 1.0.2 19.02 165.01 184.03 OK
r-devel-linux-x86_64-debian-gcc 1.0.2 14.80 122.42 137.22 OK
r-devel-linux-x86_64-fedora-clang 1.0.2 221.93 NOTE
r-devel-linux-x86_64-fedora-gcc 1.0.2 214.50 NOTE
r-devel-windows-ix86+x86_64 1.0.2 2.00 8.00 10.00 ERROR
r-patched-linux-x86_64 1.0.2 17.60 163.39 180.99 OK
r-patched-solaris-x86 1.0.2 274.10 NOTE
r-release-linux-x86_64 1.0.2 17.11 160.19 177.30 OK
r-release-macos-x86_64 1.0.2 NOTE
r-release-windows-ix86+x86_64 1.0.2 30.00 219.00 249.00 OK
r-oldrel-macos-x86_64 1.0.2 NOTE
r-oldrel-windows-ix86+x86_64 1.0.2 28.00 272.00 300.00 OK

Check Details

Version: 1.0.2
Check: Rd cross-references
Result: NOTE
    Undeclared package ‘tidyr’ in Rd xrefs
Flavor: r-devel-linux-x86_64-fedora-clang

Version: 1.0.2
Check: data for non-ASCII characters
Result: NOTE
     Note: found 4 marked UTF-8 strings
Flavors: r-devel-linux-x86_64-fedora-clang, r-devel-linux-x86_64-fedora-gcc, r-patched-solaris-x86, r-release-macos-x86_64, r-oldrel-macos-x86_64

Version: 1.0.2
Check: whether package can be installed
Result: ERROR
    Installation failed.
Flavor: r-devel-windows-ix86+x86_64