Last updated on 2023-03-28 06:51:13 CEST.
Flavor | Version | Tinstall | Tcheck | Ttotal | Status | Flags |
---|---|---|---|---|---|---|
r-devel-linux-x86_64-debian-clang | 0.1.0 | 7.15 | 51.20 | 58.35 | NOTE | |
r-devel-linux-x86_64-debian-gcc | 0.1.0 | 5.46 | 40.23 | 45.69 | NOTE | |
r-devel-linux-x86_64-fedora-clang | 0.1.0 | 72.40 | NOTE | |||
r-devel-linux-x86_64-fedora-gcc | 0.1.0 | 89.95 | NOTE | |||
r-devel-windows-x86_64 | 0.1.0 | 18.00 | 87.00 | 105.00 | NOTE | |
r-patched-linux-x86_64 | 0.1.0 | 6.02 | 49.75 | 55.77 | NOTE | |
r-release-linux-x86_64 | 0.1.0 | 4.45 | 54.36 | 58.81 | NOTE | |
r-release-macos-arm64 | 0.1.0 | 29.00 | NOTE | |||
r-release-macos-x86_64 | 0.1.0 | 43.00 | NOTE | |||
r-release-windows-x86_64 | 0.1.0 | 27.00 | 92.00 | 119.00 | NOTE | |
r-oldrel-macos-arm64 | 0.1.0 | 27.00 | NOTE | |||
r-oldrel-macos-x86_64 | 0.1.0 | 49.00 | NOTE | |||
r-oldrel-windows-ix86+x86_64 | 0.1.0 | 20.00 | 84.00 | 104.00 | NOTE |
Version: 0.1.0
Check: LazyData
Result: NOTE
'LazyData' is specified without a 'data' directory
Flavors: r-devel-linux-x86_64-debian-clang, r-devel-linux-x86_64-debian-gcc, r-devel-linux-x86_64-fedora-clang, r-devel-linux-x86_64-fedora-gcc, r-devel-windows-x86_64, r-patched-linux-x86_64, r-release-linux-x86_64, r-release-macos-arm64, r-release-macos-x86_64, r-release-windows-x86_64, r-oldrel-macos-arm64, r-oldrel-macos-x86_64, r-oldrel-windows-ix86+x86_64
Version: 0.1.0
Check: dependencies in R code
Result: NOTE
Namespaces in Imports field not imported from:
‘tidyr’ ‘tidyverse’
All declared Imports should be used.
Flavors: r-devel-linux-x86_64-fedora-clang, r-devel-linux-x86_64-fedora-gcc, r-release-macos-arm64, r-release-macos-x86_64, r-oldrel-macos-arm64, r-oldrel-macos-x86_64