Last updated on 2023-01-31 06:51:19 CET.
Flavor | Version | Tinstall | Tcheck | Ttotal | Status | Flags |
---|---|---|---|---|---|---|
r-devel-linux-x86_64-debian-clang | 0.1.1 | 21.09 | 44.98 | 66.07 | OK | |
r-devel-linux-x86_64-debian-gcc | 0.1.1 | 19.06 | 35.33 | 54.39 | OK | |
r-devel-linux-x86_64-fedora-clang | 0.1.1 | 93.19 | NOTE | |||
r-devel-linux-x86_64-fedora-gcc | 0.1.1 | 110.49 | OK | |||
r-devel-windows-x86_64 | 0.1.1 | 38.00 | 102.00 | 140.00 | OK | |
r-patched-linux-x86_64 | 0.1.1 | 20.76 | 43.74 | 64.50 | OK | |
r-release-linux-x86_64 | 0.1.1 | 21.21 | 54.28 | 75.49 | OK | |
r-release-macos-arm64 | 0.1.1 | 34.00 | OK | |||
r-release-macos-x86_64 | 0.1.1 | 45.00 | OK | |||
r-release-windows-x86_64 | 0.1.1 | 36.00 | 138.00 | 174.00 | OK | |
r-oldrel-macos-arm64 | 0.1.1 | 37.00 | OK | |||
r-oldrel-macos-x86_64 | 0.1.1 | 64.00 | OK | |||
r-oldrel-windows-ix86+x86_64 | 0.1.1 | 56.00 | 113.00 | 169.00 | OK |
Version: 0.1.1
Check: Rd cross-references
Result: NOTE
Undeclared package ‘RcppEigen’ in Rd xrefs
Flavor: r-devel-linux-x86_64-fedora-clang