CRAN Package Check Results for Package dpseg

Last updated on 2024-02-23 06:50:27 CET.

Flavor Version Tinstall Tcheck Ttotal Status Flags
r-devel-linux-x86_64-debian-clang 0.1.1 OK
r-devel-linux-x86_64-debian-gcc 0.1.1 20.63 35.43 56.06 OK
r-devel-linux-x86_64-fedora-clang 0.1.1 94.55 NOTE
r-devel-linux-x86_64-fedora-gcc 0.1.1 118.22 OK
r-devel-windows-x86_64 0.1.1 21.00 79.00 100.00 OK
r-patched-linux-x86_64 0.1.1 29.14 45.12 74.26 OK
r-release-linux-x86_64 0.1.1 26.96 44.06 71.02 OK
r-release-macos-arm64 0.1.1 42.00 OK
r-release-macos-x86_64 0.1.1 73.00 OK
r-release-windows-x86_64 0.1.1 22.00 91.00 113.00 OK
r-oldrel-macos-arm64 0.1.1 35.00 OK
r-oldrel-windows-x86_64 0.1.1 26.00 88.00 114.00 OK

Check Details

Version: 0.1.1
Check: Rd cross-references
Result: NOTE Undeclared package ‘RcppEigen’ in Rd xrefs Flavor: r-devel-linux-x86_64-fedora-clang