Last updated on 2021-01-23 06:48:13 CET.
Flavor | Version | Tinstall | Tcheck | Ttotal | Status | Flags |
---|---|---|---|---|---|---|
r-devel-linux-x86_64-debian-clang | 0.2.1 | 27.01 | 130.60 | 157.61 | OK | |
r-devel-linux-x86_64-debian-gcc | 0.2.1 | 18.26 | 96.54 | 114.80 | OK | |
r-devel-linux-x86_64-fedora-clang | 0.2.1 | 207.18 | NOTE | |||
r-devel-linux-x86_64-fedora-gcc | 0.2.1 | 180.46 | OK | |||
r-devel-windows-ix86+x86_64 | 0.2.1 | 70.00 | 229.00 | 299.00 | OK | |
r-patched-linux-x86_64 | 0.2.1 | 21.69 | 127.00 | 148.69 | OK | |
r-patched-solaris-x86 | 0.2.1 | 137.90 | OK | |||
r-release-linux-x86_64 | 0.2.1 | 21.12 | 119.39 | 140.51 | OK | |
r-release-macos-x86_64 | 0.2.1 | OK | ||||
r-release-windows-ix86+x86_64 | 0.2.1 | 51.00 | 223.00 | 274.00 | OK | |
r-oldrel-macos-x86_64 | 0.2.1 | OK | ||||
r-oldrel-windows-ix86+x86_64 | 0.2.1 | 48.00 | 163.00 | 211.00 | OK |
Version: 0.2.1
Check: Rd cross-references
Result: NOTE
Undeclared package ‘sitmo’ in Rd xrefs
Flavor: r-devel-linux-x86_64-fedora-clang