CRAN Package Check Results for Package dragon

Last updated on 2020-12-05 06:50:50 CET.

Flavor Version Tinstall Tcheck Ttotal Status Flags
r-devel-linux-x86_64-debian-clang 1.0.5 25.10 105.94 131.04 OK
r-devel-linux-x86_64-debian-gcc 1.0.5 23.45 82.57 106.02 OK
r-devel-linux-x86_64-fedora-clang 1.0.5 175.44 NOTE
r-devel-linux-x86_64-fedora-gcc 1.0.5 164.45 NOTE
r-devel-windows-ix86+x86_64 1.0.5 52.00 114.00 166.00 OK
r-patched-linux-x86_64 1.0.5 27.48 100.74 128.22 OK
r-patched-solaris-x86 1.0.5 244.60 NOTE
r-release-linux-x86_64 1.0.5 28.34 101.09 129.43 OK
r-release-macos-x86_64 1.0.5 NOTE
r-release-windows-ix86+x86_64 1.0.5 35.00 91.00 126.00 OK
r-oldrel-macos-x86_64 1.0.5 NOTE
r-oldrel-windows-ix86+x86_64 1.0.5 48.00 130.00 178.00 OK

Check Details

Version: 1.0.5
Check: package dependencies
Result: NOTE
    Imports includes 32 non-default packages.
    Importing from so many packages makes the package vulnerable to any of
    them becoming unavailable. Move as many as possible to Suggests and
    use conditionally.
Flavor: r-devel-linux-x86_64-fedora-clang

Version: 1.0.5
Check: dependencies in R code
Result: NOTE
    Namespace in Imports field not imported from: ‘htmltools’
     All declared Imports should be used.
Flavors: r-devel-linux-x86_64-fedora-clang, r-devel-linux-x86_64-fedora-gcc, r-patched-solaris-x86, r-release-macos-x86_64, r-oldrel-macos-x86_64