Last updated on 2023-04-01 07:10:36 CEST.
Flavor | Version | Tinstall | Tcheck | Ttotal | Status | Flags |
---|---|---|---|---|---|---|
r-devel-linux-x86_64-debian-clang | 0.4.0 | 16.16 | 194.69 | 210.85 | OK | |
r-devel-linux-x86_64-debian-gcc | 0.4.0 | 12.26 | 144.92 | 157.18 | OK | |
r-devel-linux-x86_64-fedora-clang | 0.4.0 | 263.68 | NOTE | |||
r-devel-linux-x86_64-fedora-gcc | 0.4.0 | 280.81 | OK | |||
r-devel-windows-x86_64 | 0.4.0 | 30.00 | 219.00 | 249.00 | NOTE | |
r-patched-linux-x86_64 | 0.4.0 | 14.22 | 180.40 | 194.62 | OK | |
r-release-linux-x86_64 | 0.4.0 | 10.40 | 176.19 | 186.59 | OK | |
r-release-macos-arm64 | 0.4.0 | 7.00 | ERROR | |||
r-release-macos-x86_64 | 0.4.0 | 94.00 | NOTE | |||
r-release-windows-x86_64 | 0.4.0 | 31.00 | 214.00 | 245.00 | NOTE | |
r-oldrel-macos-arm64 | 0.4.0 | 57.00 | NOTE | |||
r-oldrel-macos-x86_64 | 0.4.0 | 97.00 | NOTE | |||
r-oldrel-windows-ix86+x86_64 | 0.4.0 | 31.00 | 215.00 | 246.00 | NOTE |
Version: 0.4.0
Check: installed package size
Result: NOTE
installed size is 5.5Mb
sub-directories of 1Mb or more:
data 1.7Mb
extdata 3.2Mb
Flavors: r-devel-linux-x86_64-fedora-clang, r-devel-windows-x86_64, r-release-macos-x86_64, r-release-windows-x86_64, r-oldrel-macos-arm64, r-oldrel-macos-x86_64, r-oldrel-windows-ix86+x86_64
Version: 0.4.0
Check: package dependencies
Result: ERROR
Package required but not available: ‘TxDb.Hsapiens.UCSC.hg38.knownGene’
See section ‘The DESCRIPTION file’ in the ‘Writing R Extensions’
manual.
Flavor: r-release-macos-arm64
Version: 0.4.0
Check: dependencies in R code
Result: NOTE
Initiating curl with CURL_SSL_BACKEND: openssl
Flavor: r-oldrel-windows-ix86+x86_64