Last updated on 2023-03-25 05:50:30 CET.
Flavor | Version | Tinstall | Tcheck | Ttotal | Status | Flags |
---|---|---|---|---|---|---|
r-devel-linux-x86_64-debian-clang | 2.0.9 | 3.14 | 779.32 | 782.46 | OK | |
r-devel-linux-x86_64-debian-gcc | 2.0.9 | 2.46 | 548.96 | 551.42 | OK | |
r-devel-linux-x86_64-fedora-clang | 2.0.9 | 901.37 | OK | |||
r-devel-linux-x86_64-fedora-gcc | 2.0.9 | 901.69 | OK | |||
r-patched-linux-x86_64 | 2.0.9 | 3.38 | 747.90 | 751.28 | OK | |
r-release-linux-x86_64 | 2.0.9 | 2.93 | 743.76 | 746.69 | OK | |
r-release-macos-arm64 | 2.0.9 | 159.00 | OK | |||
r-release-macos-x86_64 | 2.0.9 | 345.00 | OK | |||
r-release-windows-x86_64 | 2.0.9 | 79.00 | 709.00 | 788.00 | OK | |
r-oldrel-macos-arm64 | 2.0.9 | 171.00 | OK | |||
r-oldrel-macos-x86_64 | 2.0.9 | 357.00 | OK | |||
r-oldrel-windows-ix86+x86_64 | 2.0.9 | 6.00 | 817.00 | 823.00 | WARN |
Version: 2.0.9
Check: for unstated dependencies in ‘tests’
Result: WARN
Warning: unable to access index for repository https://bioconductor.org/packages/3.14/bioc/src/contrib:
cannot open URL 'https://bioconductor.org/packages/3.14/bioc/src/contrib/PACKAGES'
Warning: unable to access index for repository https://bioconductor.org/packages/3.14/data/annotation/src/contrib:
cannot open URL 'https://bioconductor.org/packages/3.14/data/annotation/src/contrib/PACKAGES'
Warning: unable to access index for repository https://bioconductor.org/packages/3.14/data/experiment/src/contrib:
cannot open URL 'https://bioconductor.org/packages/3.14/data/experiment/src/contrib/PACKAGES'
Flavor: r-oldrel-windows-ix86+x86_64