CRAN Package Check Results for Package dub

Last updated on 2024-06-21 06:58:12 CEST.

Flavor Version Tinstall Tcheck Ttotal Status Flags
r-devel-linux-x86_64-debian-clang 0.2.0 2.16 23.19 25.35 NOTE
r-devel-linux-x86_64-debian-gcc 0.2.0 1.46 18.18 19.64 NOTE
r-devel-linux-x86_64-fedora-clang 0.2.0 31.91 NOTE
r-devel-linux-x86_64-fedora-gcc 0.2.0 32.33 NOTE
r-devel-windows-x86_64 0.2.0 3.00 39.00 42.00 NOTE
r-patched-linux-x86_64 0.2.0 1.54 22.44 23.98 NOTE
r-release-linux-x86_64 0.2.0 1.98 21.98 23.96 NOTE
r-release-macos-arm64 0.2.0 14.00 NOTE
r-release-macos-x86_64 0.2.0 21.00 NOTE
r-release-windows-x86_64 0.2.0 3.00 40.00 43.00 NOTE
r-oldrel-macos-arm64 0.2.0 16.00 NOTE
r-oldrel-macos-x86_64 0.2.0 21.00 NOTE
r-oldrel-windows-x86_64 0.2.0 2.00 41.00 43.00 NOTE

Check Details

Version: 0.2.0
Check: LazyData
Result: NOTE 'LazyData' is specified without a 'data' directory Flavors: r-devel-linux-x86_64-debian-clang, r-devel-linux-x86_64-debian-gcc, r-devel-linux-x86_64-fedora-clang, r-devel-linux-x86_64-fedora-gcc, r-devel-windows-x86_64, r-patched-linux-x86_64, r-release-linux-x86_64, r-release-macos-arm64, r-release-macos-x86_64, r-release-windows-x86_64, r-oldrel-macos-arm64, r-oldrel-macos-x86_64, r-oldrel-windows-x86_64