CRAN Package Check Results for Package dub

Last updated on 2023-12-08 06:50:56 CET.

Flavor Version Tinstall Tcheck Ttotal Status Flags
r-devel-linux-x86_64-debian-clang 0.2.0 1.59 22.34 23.93 NOTE
r-devel-linux-x86_64-debian-gcc 0.2.0 1.50 17.55 19.05 NOTE
r-devel-linux-x86_64-fedora-clang 0.2.0 31.48 NOTE
r-devel-linux-x86_64-fedora-gcc 0.2.0 29.11 NOTE
r-devel-windows-x86_64 0.2.0 4.00 39.00 43.00 NOTE
r-patched-linux-x86_64 0.2.0 2.19 22.24 24.43 NOTE
r-release-linux-x86_64 0.2.0 1.98 22.16 24.14 NOTE
r-release-macos-arm64 0.2.0 16.00 NOTE
r-release-macos-x86_64 0.2.0 21.00 NOTE
r-release-windows-x86_64 0.2.0 4.00 38.00 42.00 NOTE
r-oldrel-macos-arm64 0.2.0 18.00 NOTE
r-oldrel-macos-x86_64 0.2.0 20.00 NOTE
r-oldrel-windows-x86_64 0.2.0 3.00 44.00 47.00 NOTE

Check Details

Version: 0.2.0
Check: LazyData
Result: NOTE 'LazyData' is specified without a 'data' directory Flavors: r-devel-linux-x86_64-debian-clang, r-devel-linux-x86_64-debian-gcc, r-devel-linux-x86_64-fedora-clang, r-devel-linux-x86_64-fedora-gcc, r-devel-windows-x86_64, r-patched-linux-x86_64, r-release-linux-x86_64, r-release-macos-arm64, r-release-macos-x86_64, r-release-windows-x86_64, r-oldrel-macos-arm64, r-oldrel-macos-x86_64, r-oldrel-windows-x86_64