CRAN Package Check Results for Package dupree

Last updated on 2025-01-20 07:48:21 CET.

Flavor Version Tinstall Tcheck Ttotal Status Flags
r-devel-linux-x86_64-debian-clang 0.3.0 5.22 45.90 51.12 OK
r-devel-linux-x86_64-debian-gcc 0.3.0 4.51 33.59 38.10 OK
r-devel-linux-x86_64-fedora-clang 0.3.0 80.88 OK
r-devel-linux-x86_64-fedora-gcc 0.3.0 74.02 OK
r-devel-windows-x86_64 0.3.0 8.00 61.00 69.00 OK
r-patched-linux-x86_64 0.3.0 5.49 40.92 46.41 NOTE
r-release-linux-x86_64 0.3.0 4.88 40.63 45.51 NOTE
r-release-macos-arm64 0.3.0 27.00 NOTE
r-release-macos-x86_64 0.3.0 42.00 NOTE
r-release-windows-x86_64 0.3.0 8.00 60.00 68.00 NOTE
r-oldrel-macos-arm64 0.3.0 27.00 NOTE
r-oldrel-macos-x86_64 0.3.0 38.00 NOTE
r-oldrel-windows-x86_64 0.3.0 10.00 67.00 77.00 NOTE

Check Details

Version: 0.3.0
Check: LazyData
Result: NOTE 'LazyData' is specified without a 'data' directory Flavors: r-patched-linux-x86_64, r-release-linux-x86_64, r-release-macos-arm64, r-release-macos-x86_64, r-release-windows-x86_64, r-oldrel-macos-arm64, r-oldrel-macos-x86_64, r-oldrel-windows-x86_64