CRAN Package Check Results for Package dynlm

Last updated on 2020-08-11 06:47:18 CEST.

Flavor Version Tinstall Tcheck Ttotal Status Flags
r-devel-linux-x86_64-debian-clang 0.3-6 5.43 43.90 49.33 NOTE
r-devel-linux-x86_64-debian-gcc 0.3-6 4.88 33.61 38.49 NOTE
r-devel-linux-x86_64-fedora-clang 0.3-6 70.11 NOTE
r-devel-linux-x86_64-fedora-gcc 0.3-6 57.10 NOTE
r-devel-windows-ix86+x86_64 0.3-6 17.00 84.00 101.00 OK
r-patched-linux-x86_64 0.3-6 5.63 42.30 47.93 NOTE
r-patched-solaris-x86 0.3-6 92.40 NOTE
r-release-linux-x86_64 0.3-6 4.43 42.29 46.72 NOTE
r-release-macos-x86_64 0.3-6 NOTE
r-release-windows-ix86+x86_64 0.3-6 21.00 80.00 101.00 OK
r-oldrel-macos-x86_64 0.3-6 OK
r-oldrel-windows-ix86+x86_64 0.3-6 10.00 57.00 67.00 OK

Check Details

Version: 0.3-6
Check: package dependencies
Result: NOTE
    Package suggested but not available for checking: 'TSA'
Flavors: r-devel-linux-x86_64-debian-clang, r-devel-linux-x86_64-debian-gcc, r-devel-linux-x86_64-fedora-clang, r-devel-linux-x86_64-fedora-gcc, r-patched-linux-x86_64, r-patched-solaris-x86, r-release-linux-x86_64, r-release-macos-x86_64