CRAN Package Check Results for Package dynparam

Last updated on 2023-03-24 05:52:11 CET.

Flavor Version Tinstall Tcheck Ttotal Status Flags
r-devel-linux-x86_64-debian-clang 1.0.2 12.39 110.65 123.04 NOTE
r-devel-linux-x86_64-debian-gcc 1.0.2 10.05 82.39 92.44 NOTE
r-devel-linux-x86_64-fedora-clang 1.0.2 152.35 NOTE
r-devel-linux-x86_64-fedora-gcc 1.0.2 143.44 NOTE
r-devel-windows-x86_64 1.0.2 46.00 136.00 182.00 NOTE
r-patched-linux-x86_64 1.0.2 10.22 103.30 113.52 NOTE
r-release-linux-x86_64 1.0.2 8.84 103.97 112.81 NOTE
r-release-macos-arm64 1.0.2 43.00 NOTE
r-release-macos-x86_64 1.0.2 89.00 NOTE
r-release-windows-x86_64 1.0.2 42.00 149.00 191.00 NOTE
r-oldrel-macos-arm64 1.0.2 46.00 NOTE
r-oldrel-macos-x86_64 1.0.2 81.00 NOTE
r-oldrel-windows-ix86+x86_64 1.0.2 25.00 130.00 155.00 NOTE

Check Details

Version: 1.0.2
Check: LazyData
Result: NOTE
     'LazyData' is specified without a 'data' directory
Flavors: r-devel-linux-x86_64-debian-clang, r-devel-linux-x86_64-debian-gcc, r-devel-linux-x86_64-fedora-clang, r-devel-linux-x86_64-fedora-gcc, r-devel-windows-x86_64, r-patched-linux-x86_64, r-release-linux-x86_64, r-release-macos-arm64, r-release-macos-x86_64, r-release-windows-x86_64, r-oldrel-macos-arm64, r-oldrel-macos-x86_64, r-oldrel-windows-ix86+x86_64