Last updated on 2022-07-01 06:51:28 CEST.
Flavor | Version | Tinstall | Tcheck | Ttotal | Status | Flags |
---|---|---|---|---|---|---|
r-devel-linux-x86_64-debian-clang | 0.9.9-11 | 15.48 | 128.31 | 143.79 | OK | |
r-devel-linux-x86_64-debian-gcc | 0.9.9-11 | 13.92 | 97.57 | 111.49 | OK | |
r-devel-linux-x86_64-fedora-clang | 0.9.9-11 | 184.33 | NOTE | |||
r-devel-linux-x86_64-fedora-gcc | 0.9.9-11 | 191.17 | OK | |||
r-devel-windows-x86_64 | 0.9.9-11 | 35.00 | 174.00 | 209.00 | OK | |
r-patched-linux-x86_64 | 0.9.9-11 | 16.18 | 121.78 | 137.96 | OK | |
r-release-linux-x86_64 | 0.9.9-11 | 14.41 | 122.88 | 137.29 | OK | |
r-release-macos-arm64 | 0.9.9-11 | 52.00 | OK | |||
r-release-macos-x86_64 | 0.9.9-11 | 94.00 | OK | |||
r-release-windows-x86_64 | 0.9.9-11 | 31.00 | 166.00 | 197.00 | OK | |
r-oldrel-macos-arm64 | 0.9.9-11 | 66.00 | OK | |||
r-oldrel-macos-x86_64 | 0.9.9-11 | 106.00 | OK | |||
r-oldrel-windows-ix86+x86_64 | 0.9.9-11 | 33.00 | 150.00 | 183.00 | OK |
Version: 0.9.9-11
Check: installed package size
Result: NOTE
installed size is 5.0Mb
sub-directories of 1Mb or more:
data 4.3Mb
Flavor: r-devel-linux-x86_64-fedora-clang