Last updated on 2023-06-01 06:58:32 CEST.
Flavor | Version | Tinstall | Tcheck | Ttotal | Status | Flags |
---|---|---|---|---|---|---|
r-devel-linux-x86_64-debian-clang | 1.1.29 | 11.41 | 102.23 | 113.64 | OK | |
r-devel-linux-x86_64-debian-gcc | 1.1.29 | 9.00 | 76.28 | 85.28 | OK | |
r-devel-linux-x86_64-fedora-clang | 1.1.29 | 148.10 | NOTE | |||
r-devel-linux-x86_64-fedora-gcc | 1.1.29 | 150.96 | NOTE | |||
r-devel-windows-x86_64 | 1.1.29 | 11.00 | 93.00 | 104.00 | OK | |
r-patched-linux-x86_64 | 1.1.29 | OK | ||||
r-release-linux-x86_64 | 1.1.29 | 10.65 | 98.12 | 108.77 | OK | |
r-release-macos-arm64 | 1.1.29 | 48.00 | OK | |||
r-release-macos-x86_64 | 1.1.29 | 82.00 | OK | |||
r-release-windows-x86_64 | 1.1.29 | 14.00 | 114.00 | 128.00 | OK | |
r-oldrel-macos-arm64 | 1.1.29 | 48.00 | NOTE | |||
r-oldrel-macos-x86_64 | 1.1.29 | 62.00 | NOTE | |||
r-oldrel-windows-x86_64 | 1.1.29 | 13.00 | 115.00 | 128.00 | OK |
Version: 1.1.29
Check: dependencies in R code
Result: NOTE
Namespace in Imports field not imported from: ‘knitr’
All declared Imports should be used.
Flavors: r-devel-linux-x86_64-fedora-clang, r-devel-linux-x86_64-fedora-gcc, r-oldrel-macos-arm64, r-oldrel-macos-x86_64