CRAN Package Check Results for Package earlywarnings

Last updated on 2024-06-21 06:58:12 CEST.

Flavor Version Tinstall Tcheck Ttotal Status Flags
r-devel-linux-x86_64-debian-clang 1.1.29 10.37 109.68 120.05 NOTE
r-devel-linux-x86_64-debian-gcc 1.1.29 9.01 79.21 88.22 NOTE
r-devel-linux-x86_64-fedora-clang 1.1.29 154.70 NOTE
r-devel-linux-x86_64-fedora-gcc 1.1.29 177.71 NOTE
r-devel-windows-x86_64 1.1.29 12.00 95.00 107.00 NOTE
r-patched-linux-x86_64 1.1.29 10.72 104.71 115.43 NOTE
r-release-linux-x86_64 1.1.29 10.42 105.27 115.69 NOTE
r-release-macos-arm64 1.1.29 49.00 NOTE
r-release-macos-x86_64 1.1.29 87.00 NOTE
r-release-windows-x86_64 1.1.29 12.00 95.00 107.00 NOTE
r-oldrel-macos-arm64 1.1.29 48.00 OK
r-oldrel-macos-x86_64 1.1.29 82.00 OK
r-oldrel-windows-x86_64 1.1.29 14.00 113.00 127.00 OK

Check Details

Version: 1.1.29
Check: Rd files
Result: NOTE checkRd: (-1) surrogates_ews.Rd:31: Lost braces 31 | \item{span}{parameter that controls the degree of smoothing (numeric between 0 and 100, Default 25). see more on loess{stats}} | ^ checkRd: (-1) surrogates_ews.Rd:33: Lost braces 33 | \item{degree}{the degree of polynomial to be used for when loess fitting is applied, normally 1 or 2 (Default). see more on loess{stats}} | ^ Flavors: r-devel-linux-x86_64-debian-clang, r-devel-linux-x86_64-debian-gcc, r-devel-linux-x86_64-fedora-clang, r-devel-linux-x86_64-fedora-gcc, r-devel-windows-x86_64, r-patched-linux-x86_64, r-release-linux-x86_64, r-release-macos-arm64, r-release-macos-x86_64, r-release-windows-x86_64

Version: 1.1.29
Check: dependencies in R code
Result: NOTE Namespace in Imports field not imported from: ‘knitr’ All declared Imports should be used. Flavors: r-devel-linux-x86_64-fedora-clang, r-devel-linux-x86_64-fedora-gcc