CRAN Package Check Results for Package easyalluvial

Last updated on 2021-06-13 06:49:48 CEST.

Flavor Version Tinstall Tcheck Ttotal Status Flags
r-devel-linux-x86_64-debian-clang 0.3.0 15.46 246.68 262.14 OK
r-devel-linux-x86_64-debian-gcc 0.3.0 12.81 180.91 193.72 OK
r-devel-linux-x86_64-fedora-clang 0.3.0 310.85 NOTE
r-devel-linux-x86_64-fedora-gcc 0.3.0 330.77 NOTE
r-devel-windows-x86_64 0.3.0 27.00 292.00 319.00 OK
r-devel-windows-x86_64-gcc10-UCRT 0.3.0 NOTE
r-patched-linux-x86_64 0.3.0 16.29 231.50 247.79 OK
r-patched-solaris-x86 0.3.0 395.40 NOTE
r-release-linux-x86_64 0.3.0 15.23 230.50 245.73 OK
r-release-macos-arm64 0.3.0 NOTE
r-release-macos-x86_64 0.3.0 NOTE
r-release-windows-ix86+x86_64 0.3.0 36.00 485.00 521.00 OK
r-oldrel-macos-x86_64 0.3.0 NOTE
r-oldrel-windows-ix86+x86_64 0.3.0 37.00 314.00 351.00 OK

Check Details

Version: 0.3.0
Check: dependencies in R code
Result: NOTE
    Namespace in Imports field not imported from: ‘progress’
     All declared Imports should be used.
Flavors: r-devel-linux-x86_64-fedora-clang, r-devel-linux-x86_64-fedora-gcc, r-devel-windows-x86_64-gcc10-UCRT, r-patched-solaris-x86, r-release-macos-arm64, r-release-macos-x86_64, r-oldrel-macos-x86_64

Version: 0.3.0
Check: package dependencies
Result: NOTE
    Package suggested but not available for checking: 'vdiffr'
Flavor: r-devel-windows-x86_64-gcc10-UCRT