CRAN Package Check Results for Package ecosim

Last updated on 2020-08-05 06:47:19 CEST.

Flavor Version Tinstall Tcheck Ttotal Status Flags
r-devel-linux-x86_64-debian-clang 1.3-1 4.45 54.11 58.56 NOTE
r-devel-linux-x86_64-debian-gcc 1.3-1 3.18 39.81 42.99 NOTE
r-devel-linux-x86_64-fedora-clang 1.3-1 73.91 NOTE
r-devel-linux-x86_64-fedora-gcc 1.3-1 65.63 NOTE
r-devel-windows-ix86+x86_64 1.3-1 10.00 62.00 72.00 OK
r-patched-linux-x86_64 1.3-1 4.07 53.59 57.66 NOTE
r-patched-solaris-x86 1.3-1 87.40 NOTE
r-release-linux-x86_64 1.3-1 3.81 51.97 55.78 NOTE
r-release-macos-x86_64 1.3-1 OK
r-release-windows-ix86+x86_64 1.3-1 10.00 82.00 92.00 OK
r-oldrel-macos-x86_64 1.3-1 OK
r-oldrel-windows-ix86+x86_64 1.3-1 7.00 76.00 83.00 OK

Check Details

Version: 1.3-1
Check: for non-standard things in the check directory
Result: NOTE
    Found the following files/directories:
     'ecosim_example_plot1.pdf' 'ecosim_example_plot2.pdf'
     'ecosim_example_plot3.pdf'
Flavors: r-devel-linux-x86_64-debian-clang, r-devel-linux-x86_64-debian-gcc, r-devel-linux-x86_64-fedora-clang, r-devel-linux-x86_64-fedora-gcc, r-patched-linux-x86_64, r-patched-solaris-x86, r-release-linux-x86_64