CRAN Package Check Results for Package ecospat

Last updated on 2020-10-24 06:46:40 CEST.

Flavor Version Tinstall Tcheck Ttotal Status Flags
r-devel-linux-x86_64-debian-clang 3.1 41.94 349.26 391.20 OK
r-devel-linux-x86_64-debian-gcc 3.1 28.99 257.56 286.55 OK
r-devel-linux-x86_64-fedora-clang 3.1 496.02 NOTE
r-devel-linux-x86_64-fedora-gcc 3.1 476.37 NOTE
r-devel-windows-ix86+x86_64 3.1 83.00 396.00 479.00 OK
r-patched-linux-x86_64 3.1 32.39 320.09 352.48 OK
r-patched-solaris-x86 3.1 647.30 NOTE
r-release-linux-x86_64 3.1 30.32 317.90 348.22 OK
r-release-macos-x86_64 3.1 NOTE
r-release-windows-ix86+x86_64 3.1 80.00 339.00 419.00 OK
r-oldrel-macos-x86_64 3.1 NOTE
r-oldrel-windows-ix86+x86_64 3.1 74.00 422.00 496.00 OK

Check Details

Version: 3.1
Check: package dependencies
Result: NOTE
    Imports includes 21 non-default packages.
    Importing from so many packages makes the package vulnerable to any of
    them becoming unavailable. Move as many as possible to Suggests and
    use conditionally.
Flavor: r-devel-linux-x86_64-fedora-clang

Version: 3.1
Check: dependencies in R code
Result: NOTE
    Namespace in Imports field not imported from: ‘maps’
     All declared Imports should be used.
Flavors: r-devel-linux-x86_64-fedora-clang, r-devel-linux-x86_64-fedora-gcc, r-patched-solaris-x86, r-release-macos-x86_64, r-oldrel-macos-x86_64