CRAN Package Check Results for Package ecostatscale

Last updated on 2024-02-26 07:49:59 CET.

Flavor Version Tinstall Tcheck Ttotal Status Flags
r-devel-linux-x86_64-debian-clang 1.1 2.66 32.91 35.57 OK
r-devel-linux-x86_64-debian-gcc 1.1 1.67 24.74 26.41 OK
r-devel-linux-x86_64-fedora-clang 1.1 42.77 NOTE
r-devel-linux-x86_64-fedora-gcc 1.1 40.86 NOTE
r-devel-windows-x86_64 1.1 3.00 46.00 49.00 OK
r-patched-linux-x86_64 1.1 2.64 32.08 34.72 OK
r-release-linux-x86_64 1.1 2.14 31.59 33.73 OK
r-release-macos-arm64 1.1 21.00 OK
r-release-macos-x86_64 1.1 42.00 OK
r-release-windows-x86_64 1.1 4.00 51.00 55.00 OK
r-oldrel-macos-arm64 1.1 24.00 OK
r-oldrel-windows-x86_64 1.1 4.00 51.00 55.00 OK

Check Details

Version: 1.1
Check: dependencies in R code
Result: NOTE Namespace in Imports field not imported from: ‘graphics’ All declared Imports should be used. Flavors: r-devel-linux-x86_64-fedora-clang, r-devel-linux-x86_64-fedora-gcc