CRAN Package Check Results for Package eda4treeR

Last updated on 2022-01-23 07:13:57 CET.

Flavor Version Tinstall Tcheck Ttotal Status Flags
r-devel-linux-x86_64-debian-clang 0.3.0 15.16 147.88 163.04 OK
r-devel-linux-x86_64-debian-gcc 0.3.0 13.10 123.84 136.94 OK
r-devel-linux-x86_64-fedora-clang 0.3.0 195.05 NOTE
r-devel-linux-x86_64-fedora-gcc 0.3.0 193.09 NOTE
r-devel-windows-x86_64-new-UL 0.3.0 48.00 174.00 222.00 OK
r-devel-windows-x86_64-new-TK 0.3.0 ERROR
r-patched-linux-x86_64 0.3.0 14.31 136.79 151.10 OK
r-release-linux-x86_64 0.3.0 10.77 136.37 147.14 OK
r-release-macos-arm64 0.3.0 NOTE
r-release-macos-x86_64 0.3.0 NOTE
r-release-windows-ix86+x86_64 0.3.0 34.00 158.00 192.00 OK
r-oldrel-macos-x86_64 0.3.0 NOTE
r-oldrel-windows-ix86+x86_64 0.3.0 36.00 165.00 201.00 OK

Check Details

Version: 0.3.0
Check: dependencies in R code
Result: NOTE
    Namespaces in Imports field not imported from:
     ‘dae’ ‘dplyr’
     All declared Imports should be used.
Flavors: r-devel-linux-x86_64-fedora-clang, r-devel-linux-x86_64-fedora-gcc, r-release-macos-arm64, r-release-macos-x86_64, r-oldrel-macos-x86_64

Version: 0.3.0
Check: package dependencies
Result: ERROR
    Packages required but not available: 'lme4', 'pbkrtest'
    
    See section 'The DESCRIPTION file' in the 'Writing R Extensions'
    manual.
Flavor: r-devel-windows-x86_64-new-TK