CRAN Package Check Results for Package editbl

Last updated on 2024-05-18 07:49:00 CEST.

Flavor Version Tinstall Tcheck Ttotal Status Flags
r-devel-linux-x86_64-debian-clang 1.0.4 10.39 92.85 103.24 OK
r-devel-linux-x86_64-debian-gcc 1.0.4 7.20 70.33 77.53 OK
r-devel-linux-x86_64-fedora-clang 1.0.4 132.89 NOTE
r-devel-linux-x86_64-fedora-gcc 1.0.4 179.34 ERROR
r-devel-windows-x86_64 1.0.4 10.00 95.00 105.00 OK
r-patched-linux-x86_64 1.0.4 9.91 87.55 97.46 OK
r-release-linux-x86_64 1.0.4 7.89 87.47 95.36 OK
r-release-macos-arm64 1.0.4 79.00 OK
r-release-macos-x86_64 1.0.4 191.00 OK
r-release-windows-x86_64 1.0.4 10.00 96.00 106.00 OK
r-oldrel-macos-arm64 1.0.4 75.00 OK
r-oldrel-macos-x86_64 1.0.4 158.00 OK
r-oldrel-windows-x86_64 1.0.4 11.00 111.00 122.00 OK

Check Details

Version: 1.0.4
Check: Rd cross-references
Result: NOTE Undeclared package ‘htmlwidgets’ in Rd xrefs Flavor: r-devel-linux-x86_64-fedora-clang

Version: 1.0.4
Check: re-building of vignette outputs
Result: ERROR Error(s) in re-building vignettes: --- re-building ‘howto_relational_db.rmd’ using rmarkdown ** Processing: /data/gannet/ripley/R/packages/tests-devel/editbl.Rcheck/vign_test/editbl/vignettes/howto_relational_db_files/figure-html/unnamed-chunk-6-1.png 700x133 pixels, 4x8 bits/pixel, RGB+alpha Reducing image to 8 bits/pixel, 244 colors in palette Input IDAT size = 13260 bytes Input file size = 13342 bytes Trying: zc = 9 zm = 8 zs = 0 f = 0 IDAT size = 4672 zc = 9 zm = 8 zs = 1 f = 0 zc = 1 zm = 8 zs = 2 f = 0 zc = 9 zm = 8 zs = 3 f = 0 zc = 9 zm = 8 zs = 0 f = 5 zc = 9 zm = 8 zs = 1 f = 5 zc = 1 zm = 8 zs = 2 f = 5 zc = 9 zm = 8 zs = 3 f = 5 Selecting parameters: zc = 9 zm = 8 zs = 0 f = 0 IDAT size = 4672 Output IDAT size = 4672 bytes (8588 bytes decrease) Output file size = 5486 bytes (7856 bytes = 58.88% decrease) ** Processing: /data/gannet/ripley/R/packages/tests-devel/editbl.Rcheck/vign_test/editbl/vignettes/howto_relational_db_files/figure-html/unnamed-chunk-8-1.png 700x100 pixels, 4x8 bits/pixel, RGB+alpha Reducing image to 8 bits/pixel, 220 colors in palette Input IDAT size = 8731 bytes Input file size = 8813 bytes Trying: zc = 9 zm = 8 zs = 0 f = 0 IDAT size = 2998 zc = 9 zm = 8 zs = 1 f = 0 zc = 1 zm = 8 zs = 2 f = 0 zc = 9 zm = 8 zs = 3 f = 0 zc = 9 zm = 8 zs = 0 f = 5 zc = 9 zm = 8 zs = 1 f = 5 zc = 1 zm = 8 zs = 2 f = 5 zc = 9 zm = 8 zs = 3 f = 5 Selecting parameters: zc = 9 zm = 8 zs = 0 f = 0 IDAT size = 2998 Output IDAT size = 2998 bytes (5733 bytes decrease) Output file size = 3740 bytes (5073 bytes = 57.56% decrease) ** Processing: /data/gannet/ripley/R/packages/tests-devel/editbl.Rcheck/vign_test/editbl/vignettes/howto_relational_db_files/figure-html/unnamed-chunk-10-1.png 700x74 pixels, 4x8 bits/pixel, RGB+alpha Reducing image to 8 bits/pixel, grayscale Input IDAT size = 2652 bytes Input file size = 2722 bytes Trying: zc = 9 zm = 8 zs = 0 f = 0 IDAT size = 934 zc = 9 zm = 8 zs = 1 f = 0 zc = 1 zm = 8 zs = 2 f = 0 zc = 9 zm = 8 zs = 3 f = 0 zc = 9 zm = 8 zs = 0 f = 5 zc = 9 zm = 8 zs = 1 f = 5 zc = 1 zm = 8 zs = 2 f = 5 zc = 9 zm = 8 zs = 3 f = 5 Selecting parameters: zc = 9 zm = 8 zs = 0 f = 0 IDAT size = 934 Output IDAT size = 934 bytes (1718 bytes decrease) Output file size = 1004 bytes (1718 bytes = 63.12% decrease) --- finished re-building ‘howto_relational_db.rmd’ --- re-building ‘howto_relational_db_dm.rmd’ using rmarkdown Quitting from lines at lines 213-218 [unnamed-chunk-9] (howto_relational_db_dm.rmd) Error: processing vignette 'howto_relational_db_dm.rmd' failed with diagnostics: cannot open the connection --- failed re-building ‘howto_relational_db_dm.rmd’ --- re-building ‘howto_switch_from_DT.rmd’ using rmarkdown ** Processing: /data/gannet/ripley/R/packages/tests-devel/editbl.Rcheck/vign_test/editbl/vignettes/howto_switch_from_DT_files/figure-html/unnamed-chunk-2-1.png 685x625 pixels, 4x8 bits/pixel, RGB+alpha Reducing image to 8 bits/pixel, grayscale Input IDAT size = 66151 bytes Input file size = 66317 bytes Trying: zc = 9 zm = 8 zs = 0 f = 0 IDAT size = 23403 zc = 9 zm = 8 zs = 1 f = 0 zc = 1 zm = 8 zs = 2 f = 0 zc = 9 zm = 8 zs = 3 f = 0 zc = 9 zm = 8 zs = 0 f = 5 zc = 9 zm = 8 zs = 1 f = 5 zc = 1 zm = 8 zs = 2 f = 5 zc = 9 zm = 8 zs = 3 f = 5 Selecting parameters: zc = 9 zm = 8 zs = 0 f = 0 IDAT size = 23403 Output IDAT size = 23403 bytes (42748 bytes decrease) Output file size = 23473 bytes (42844 bytes = 64.60% decrease) ** Processing: /data/gannet/ripley/R/packages/tests-devel/editbl.Rcheck/vign_test/editbl/vignettes/howto_switch_from_DT_files/figure-html/unnamed-chunk-3-1.png 700x133 pixels, 4x8 bits/pixel, RGB+alpha Reducing image to 8 bits/pixel, 244 colors in palette Input IDAT size = 15204 bytes Input file size = 15286 bytes Trying: zc = 9 zm = 8 zs = 0 f = 0 IDAT size = 5447 zc = 9 zm = 8 zs = 1 f = 0 IDAT size = 5444 zc = 1 zm = 8 zs = 2 f = 0 zc = 9 zm = 8 zs = 3 f = 0 zc = 9 zm = 8 zs = 0 f = 5 zc = 9 zm = 8 zs = 1 f = 5 zc = 1 zm = 8 zs = 2 f = 5 zc = 9 zm = 8 zs = 3 f = 5 Selecting parameters: zc = 9 zm = 8 zs = 1 f = 0 IDAT size = 5444 Output IDAT size = 5444 bytes (9760 bytes decrease) Output file size = 6258 bytes (9028 bytes = 59.06% decrease) --- finished re-building ‘howto_switch_from_DT.rmd’ SUMMARY: processing the following file failed: ‘howto_relational_db_dm.rmd’ Error: Vignette re-building failed. Execution halted Flavor: r-devel-linux-x86_64-fedora-gcc

Version: 1.0.4
Check: for detritus in the temp directory
Result: NOTE Found the following files/directories: ‘Crashpad’ Flavor: r-devel-linux-x86_64-fedora-gcc