CRAN Package Check Results for Package effectR

Last updated on 2024-04-20 06:58:40 CEST.

Flavor Version Tinstall Tcheck Ttotal Status Flags
r-devel-linux-x86_64-debian-clang 1.0.2 3.37 49.57 52.94 OK
r-devel-linux-x86_64-debian-gcc 1.0.2 3.60 37.12 40.72 OK
r-devel-linux-x86_64-fedora-clang 1.0.2 74.37 NOTE
r-devel-linux-x86_64-fedora-gcc 1.0.2 81.73 NOTE
r-prerel-macos-arm64 1.0.2 31.00 OK
r-prerel-windows-x86_64 1.0.2 7.00 57.00 64.00 OK
r-patched-linux-x86_64 1.0.2 9.63 47.21 56.84 OK
r-release-linux-x86_64 1.0.2 4.74 45.01 49.75 OK
r-release-macos-arm64 1.0.2 31.00 OK
r-release-macos-x86_64 1.0.2 44.00 OK
r-release-windows-x86_64 1.0.2 7.00 61.00 68.00 OK
r-oldrel-macos-arm64 1.0.2 22.00 NOTE
r-oldrel-windows-x86_64 1.0.2 8.00 69.00 77.00 OK

Check Details

Version: 1.0.2
Check: dependencies in R code
Result: NOTE Namespace in Imports field not imported from: ‘rmarkdown’ All declared Imports should be used. Flavors: r-devel-linux-x86_64-fedora-clang, r-devel-linux-x86_64-fedora-gcc, r-oldrel-macos-arm64