CRAN Package Check Results for Package effectR

Last updated on 2022-01-25 06:48:33 CET.

Flavor Version Tinstall Tcheck Ttotal Status Flags
r-devel-linux-x86_64-debian-clang 1.0.2 4.15 49.72 53.87 OK
r-devel-linux-x86_64-debian-gcc 1.0.2 3.37 39.55 42.92 OK
r-devel-linux-x86_64-fedora-clang 1.0.2 66.53 NOTE
r-devel-linux-x86_64-fedora-gcc 1.0.2 59.30 NOTE
r-devel-windows-x86_64-new-UL 1.0.2 43.00 77.00 120.00 OK
r-devel-windows-x86_64-new-TK 1.0.2 NOTE
r-patched-linux-x86_64 1.0.2 8.51 47.16 55.67 OK
r-release-linux-x86_64 1.0.2 3.58 47.78 51.36 OK
r-release-macos-arm64 1.0.2 NOTE
r-release-macos-x86_64 1.0.2 NOTE
r-release-windows-ix86+x86_64 1.0.2 10.00 63.00 73.00 OK
r-oldrel-macos-x86_64 1.0.2 NOTE
r-oldrel-windows-ix86+x86_64 1.0.2 11.00 105.00 116.00 OK

Check Details

Version: 1.0.2
Check: dependencies in R code
Result: NOTE
    Namespace in Imports field not imported from: ‘rmarkdown’
     All declared Imports should be used.
Flavors: r-devel-linux-x86_64-fedora-clang, r-devel-linux-x86_64-fedora-gcc, r-devel-windows-x86_64-new-TK, r-release-macos-arm64, r-release-macos-x86_64, r-oldrel-macos-x86_64